{"id":1011,"date":"2018-06-29T17:48:33","date_gmt":"2018-06-29T20:48:33","guid":{"rendered":"https:\/\/ensvillaguay-ers.infd.edu.ar\/sitio\/biblioteca-3\/"},"modified":"2023-04-05T09:17:04","modified_gmt":"2023-04-05T12:17:04","slug":"biblioteca-3","status":"publish","type":"page","link":"https:\/\/ensvillaguay-ers.infd.edu.ar\/sitio\/biblioteca-3\/","title":{"rendered":"Biblioteca \u201cHEBE MOROSINI\u201d"},"content":{"rendered":"<div class=\"wp-block-image\">\n<figure class=\"aligncenter size-full\"><img decoding=\"async\" loading=\"lazy\" width=\"1911\" height=\"925\" src=\"https:\/\/ensvillaguay-ers.infd.edu.ar\/sitio\/wp-content\/uploads\/2023\/03\/Propuestas-de-Formacion-Docente-Inicial-9.jpg\" alt=\"\" class=\"wp-image-7991\" srcset=\"https:\/\/ensvillaguay-ers.infd.edu.ar\/sitio\/wp-content\/uploads\/2023\/03\/Propuestas-de-Formacion-Docente-Inicial-9.jpg 1911w, https:\/\/ensvillaguay-ers.infd.edu.ar\/sitio\/wp-content\/uploads\/2023\/03\/Propuestas-de-Formacion-Docente-Inicial-9-1000x484.jpg 1000w, https:\/\/ensvillaguay-ers.infd.edu.ar\/sitio\/wp-content\/uploads\/2023\/03\/Propuestas-de-Formacion-Docente-Inicial-9-1900x920.jpg 1900w, https:\/\/ensvillaguay-ers.infd.edu.ar\/sitio\/wp-content\/uploads\/2023\/03\/Propuestas-de-Formacion-Docente-Inicial-9-768x372.jpg 768w, https:\/\/ensvillaguay-ers.infd.edu.ar\/sitio\/wp-content\/uploads\/2023\/03\/Propuestas-de-Formacion-Docente-Inicial-9-1536x743.jpg 1536w\" sizes=\"(max-width: 1911px) 100vw, 1911px\" \/><figcaption class=\"wp-element-caption\">Contacto: bibliotecahebemorossini789@gmail.com<\/figcaption><\/figure><\/div>\n\n\n<div class=\"wp-block-buttons is-layout-flex\">\n<div class=\"wp-block-button\"><a class=\"wp-block-button__link wp-element-button\">Libros Digitales de Nivel Superior<\/a><\/div>\n\n\n\n<div class=\"wp-block-button\"><a class=\"wp-block-button__link wp-element-button\" href=\"https:\/\/drive.google.com\/drive\/folders\/1JtVdJGpLoh9JAZWDnPnDV941r_Wo7nD6?usp=share_link\" target=\"_blank\" rel=\"noreferrer noopener\">Libros Digitales de Nivel Secundario <\/a><\/div>\n\n\n\n<div class=\"wp-block-button\"><a class=\"wp-block-button__link wp-element-button\" href=\"https:\/\/drive.google.com\/drive\/folders\/16RBR7R28DGUUZFwVbYoy-JPHzfswk_0-?usp=share_link\" target=\"_blank\" rel=\"noreferrer noopener\">Libros Digitales de Nivel Primario<\/a><\/div>\n<\/div>\n\n\n\n<figure class=\"wp-block-table is-style-stripes\"><table><tbody><tr><td class=\"has-text-align-center\" data-align=\"center\"><strong>Turno Ma\u00f1ana<br> Mar\u00eda de los \u00c1ngeles<\/strong> <strong>Monz\u00f3n<\/strong><\/td><td class=\"has-text-align-center\" data-align=\"center\"><strong>Turno Tarde <br>Gina<\/strong> <strong>Schild<\/strong><\/td><td class=\"has-text-align-center\" data-align=\"center\"><strong>Turno Noche <br> Silvana<\/strong> <strong>Paccor<\/strong><\/td><\/tr><tr><td class=\"has-text-align-center\" data-align=\"center\"><em>Lunes <\/em><br><em>de 07:45 a 10:45 horas<\/em><\/td><td class=\"has-text-align-center\" data-align=\"center\"><em>Lunes a Viernes <\/em><br><em>de 13:00 a 17:00 horas<\/em><\/td><td class=\"has-text-align-center\" data-align=\"center\"><em>Lunes a viernes <\/em><br><em>de 18:30 a 22:30 horas<\/em><\/td><\/tr><tr><td class=\"has-text-align-center\" data-align=\"center\"><em>Martes: cerrado<\/em><\/td><td class=\"has-text-align-center\" data-align=\"center\"><\/td><td class=\"has-text-align-center\" data-align=\"center\"><\/td><\/tr><tr><td class=\"has-text-align-center\" data-align=\"center\"><em>Mi\u00e9rcoles, Jueves y&nbsp;Viernes <\/em><br><em>de 07:45 a 12:05 horas<\/em><\/td><td class=\"has-text-align-center\" data-align=\"center\"><\/td><td class=\"has-text-align-center\" data-align=\"center\"><\/td><\/tr><\/tbody><\/table><\/figure>\n\n\n<h1 style=\"text-align: center;\"><span style=\"color: #ff6600;\">Nuestras Instalaciones&nbsp;<\/span><\/h1>\n\n\n<figure class=\"wp-block-gallery has-nested-images columns-default is-cropped wp-block-gallery-2 is-layout-flex\">\n<figure class=\"wp-block-image size-large\"><img decoding=\"async\" loading=\"lazy\" width=\"1900\" height=\"1069\" data-id=\"7992\"  src=\"https:\/\/ensvillaguay-ers.infd.edu.ar\/sitio\/wp-content\/uploads\/2023\/03\/20-1900x1069.jpg\" alt=\"\" class=\"wp-image-7992\" srcset=\"https:\/\/ensvillaguay-ers.infd.edu.ar\/sitio\/wp-content\/uploads\/2023\/03\/20-1900x1069.jpg 1900w, https:\/\/ensvillaguay-ers.infd.edu.ar\/sitio\/wp-content\/uploads\/2023\/03\/20-1000x563.jpg 1000w, https:\/\/ensvillaguay-ers.infd.edu.ar\/sitio\/wp-content\/uploads\/2023\/03\/20-768x432.jpg 768w, https:\/\/ensvillaguay-ers.infd.edu.ar\/sitio\/wp-content\/uploads\/2023\/03\/20-1536x864.jpg 1536w, https:\/\/ensvillaguay-ers.infd.edu.ar\/sitio\/wp-content\/uploads\/2023\/03\/20.jpg 1920w\" sizes=\"(max-width: 1900px) 100vw, 1900px\" \/><\/figure>\n\n\n\n<figure class=\"wp-block-image size-large\"><img decoding=\"async\" loading=\"lazy\" width=\"1900\" height=\"1069\" data-id=\"7993\"  src=\"https:\/\/ensvillaguay-ers.infd.edu.ar\/sitio\/wp-content\/uploads\/2023\/03\/21-1900x1069.jpg\" alt=\"\" class=\"wp-image-7993\" srcset=\"https:\/\/ensvillaguay-ers.infd.edu.ar\/sitio\/wp-content\/uploads\/2023\/03\/21-1900x1069.jpg 1900w, https:\/\/ensvillaguay-ers.infd.edu.ar\/sitio\/wp-content\/uploads\/2023\/03\/21-1000x563.jpg 1000w, https:\/\/ensvillaguay-ers.infd.edu.ar\/sitio\/wp-content\/uploads\/2023\/03\/21-768x432.jpg 768w, https:\/\/ensvillaguay-ers.infd.edu.ar\/sitio\/wp-content\/uploads\/2023\/03\/21-1536x864.jpg 1536w, https:\/\/ensvillaguay-ers.infd.edu.ar\/sitio\/wp-content\/uploads\/2023\/03\/21.jpg 1920w\" sizes=\"(max-width: 1900px) 100vw, 1900px\" \/><\/figure>\n\n\n\n<figure class=\"wp-block-image size-large\"><img decoding=\"async\" loading=\"lazy\" width=\"1900\" height=\"1069\" data-id=\"7994\"  src=\"https:\/\/ensvillaguay-ers.infd.edu.ar\/sitio\/wp-content\/uploads\/2023\/03\/19-1900x1069.jpg\" alt=\"\" class=\"wp-image-7994\" srcset=\"https:\/\/ensvillaguay-ers.infd.edu.ar\/sitio\/wp-content\/uploads\/2023\/03\/19-1900x1069.jpg 1900w, https:\/\/ensvillaguay-ers.infd.edu.ar\/sitio\/wp-content\/uploads\/2023\/03\/19-1000x563.jpg 1000w, https:\/\/ensvillaguay-ers.infd.edu.ar\/sitio\/wp-content\/uploads\/2023\/03\/19-768x432.jpg 768w, https:\/\/ensvillaguay-ers.infd.edu.ar\/sitio\/wp-content\/uploads\/2023\/03\/19-1536x864.jpg 1536w, https:\/\/ensvillaguay-ers.infd.edu.ar\/sitio\/wp-content\/uploads\/2023\/03\/19.jpg 1920w\" sizes=\"(max-width: 1900px) 100vw, 1900px\" \/><\/figure>\n<\/figure>\n","protected":false},"excerpt":{"rendered":"<p>Turno Ma\u00f1ana Mar\u00eda de los \u00c1ngeles Monz\u00f3n Turno Tarde Gina Schild Turno Noche Silvana Paccor Lunes de 07:45 a 10:45 horas Lunes a Viernes de 13:00 a 17:00 horas Lunes a viernes de 18:30 a 22:30 horas Martes: cerrado Mi\u00e9rcoles, Jueves y&nbsp;Viernes de 07:45 a 12:05 horas Nuestras Instalaciones&nbsp;<\/p>\n","protected":false},"author":1046,"featured_media":0,"parent":0,"menu_order":0,"comment_status":"closed","ping_status":"closed","template":"","meta":[],"acf":[],"_links":{"self":[{"href":"https:\/\/ensvillaguay-ers.infd.edu.ar\/sitio\/wp-json\/wp\/v2\/pages\/1011"}],"collection":[{"href":"https:\/\/ensvillaguay-ers.infd.edu.ar\/sitio\/wp-json\/wp\/v2\/pages"}],"about":[{"href":"https:\/\/ensvillaguay-ers.infd.edu.ar\/sitio\/wp-json\/wp\/v2\/types\/page"}],"author":[{"embeddable":true,"href":"https:\/\/ensvillaguay-ers.infd.edu.ar\/sitio\/wp-json\/wp\/v2\/users\/1046"}],"replies":[{"embeddable":true,"href":"https:\/\/ensvillaguay-ers.infd.edu.ar\/sitio\/wp-json\/wp\/v2\/comments?post=1011"}],"version-history":[{"count":49,"href":"https:\/\/ensvillaguay-ers.infd.edu.ar\/sitio\/wp-json\/wp\/v2\/pages\/1011\/revisions"}],"predecessor-version":[{"id":8113,"href":"https:\/\/ensvillaguay-ers.infd.edu.ar\/sitio\/wp-json\/wp\/v2\/pages\/1011\/revisions\/8113"}],"wp:attachment":[{"href":"https:\/\/ensvillaguay-ers.infd.edu.ar\/sitio\/wp-json\/wp\/v2\/media?parent=1011"}],"curies":[{"name":"wp","href":"https:\/\/api.w.org\/{rel}","templated":true}]}}