{"id":1015,"date":"2018-06-29T17:48:34","date_gmt":"2018-06-29T20:48:34","guid":{"rendered":"https:\/\/ensvillaguay-ers.infd.edu.ar\/sitio\/normativas-nivel-superior\/"},"modified":"2024-04-10T18:49:35","modified_gmt":"2024-04-10T21:49:35","slug":"normativas-nivel-superior","status":"publish","type":"page","link":"https:\/\/ensvillaguay-ers.infd.edu.ar\/sitio\/normativas-nivel-superior\/","title":{"rendered":"Normativas de Nivel Superior"},"content":{"rendered":"\n<figure class=\"wp-block-image size-large\"><img decoding=\"async\" loading=\"lazy\" width=\"1900\" height=\"866\" src=\"https:\/\/ensvillaguay-ers.infd.edu.ar\/sitio\/wp-content\/uploads\/2024\/04\/Propuestas-de-Formacion-Docente-Inicial-1900x866.png\" alt=\"\" class=\"wp-image-10611\" srcset=\"https:\/\/ensvillaguay-ers.infd.edu.ar\/sitio\/wp-content\/uploads\/2024\/04\/Propuestas-de-Formacion-Docente-Inicial-1900x866.png 1900w, https:\/\/ensvillaguay-ers.infd.edu.ar\/sitio\/wp-content\/uploads\/2024\/04\/Propuestas-de-Formacion-Docente-Inicial-1000x456.png 1000w, https:\/\/ensvillaguay-ers.infd.edu.ar\/sitio\/wp-content\/uploads\/2024\/04\/Propuestas-de-Formacion-Docente-Inicial-768x350.png 768w, https:\/\/ensvillaguay-ers.infd.edu.ar\/sitio\/wp-content\/uploads\/2024\/04\/Propuestas-de-Formacion-Docente-Inicial-1536x700.png 1536w, https:\/\/ensvillaguay-ers.infd.edu.ar\/sitio\/wp-content\/uploads\/2024\/04\/Propuestas-de-Formacion-Docente-Inicial.png 1919w\" sizes=\"(max-width: 1900px) 100vw, 1900px\" \/><\/figure>\n\n\n<ul>\n<li>\n<h4><span style=\"color: #008000;\"><strong>Resoluciones CGE<\/strong><\/span><\/h4>\n<\/li>\n<\/ul>\n\n\n<figure class=\"wp-block-table is-style-stripes\"><table><tbody><tr><td><strong>Establecer como \u00faltimo plazo para la aprobaci\u00f3n de la totalidad de las unidades curriculares comprendidas en los dise\u00f1os curriculares inmediatamente anteriores a las vigentes para las Carreras de Formaci\u00f3n Docente, la finalizaci\u00f3n del ciclo lectivo 2022: <a href=\"https:\/\/ensvillaguay-ers.infd.edu.ar\/sitio\/wp-content\/uploads\/2022\/04\/1290-22-CGE-Establece-criterios-aprobacion-total-UC-en-los-disenos-curriculares-de-carreras-FD.pdf\" target=\"_blank\" rel=\"noreferrer noopener\">Resoluci\u00f3n 1290\/22 CGE<\/a><\/strong><\/td><\/tr><tr><td><strong>Calendario Escolar 2024. <a href=\"https:\/\/aprender.entrerios.edu.ar\/wp-content\/uploads\/2023\/12\/5155-23-CGE-Calendario-Escolar-Ciclo-Lectivo-2024.pdf\" data-type=\"URL\" data-id=\"https:\/\/aprender.entrerios.edu.ar\/wp-content\/uploads\/2023\/12\/5155-23-CGE-Calendario-Escolar-Ciclo-Lectivo-2024.pdf\" target=\"_blank\" rel=\"noreferrer noopener\">Resoluci\u00f3n N\u00b0 5155\/23 CGE<\/a><\/strong><\/td><\/tr><tr><td><strong>Modificaci\u00f3n transitoria del RAM que regulan las condiciones de cursado y acreditaci\u00f3n de las Unidades Curriculares de las carreras de Nivel Superior<\/strong>: <strong><a rel=\"noreferrer noopener\" href=\"https:\/\/ensvillaguay-ers.infd.edu.ar\/sitio\/wp-content\/uploads\/2021\/05\/0758-21-CGE-Modifica-transitoriamente-el-R\u00e9gimen-Acad\u00e9mico-Marco.pdf\" target=\"_blank\">Resoluci\u00f3n N\u00b0 0758\/21 CGE<\/a><\/strong><\/td><\/tr><tr><td><strong>Pautas para la organizaci\u00f3n y funcionamiento institucional en el retorno a la presencialidad<\/strong>: <a rel=\"noreferrer noopener\" href=\"https:\/\/ensvillaguay-ers.infd.edu.ar\/sitio\/wp-content\/uploads\/2021\/05\/0117-21-CGE-Pautas-para-la-organizaci\u00f3n-y-funcionamiento-institucional-en-el-retorno-a-la-presencialidad.pdf\" target=\"_blank\"><strong>Resoluci\u00f3n N\u00b0 0117\/21 CGE<\/strong><\/a><\/td><\/tr><tr><td><strong>Establecer la NO ASISTENCIA a las instituciones educativas del personal directivo, docente, de servicios auxiliares y estudiantes comprendidos en alguno de los grupos de riesgo<\/strong>: <strong><a rel=\"noreferrer noopener\" href=\"https:\/\/ensvillaguay-ers.infd.edu.ar\/sitio\/wp-content\/uploads\/2021\/05\/0156-21-CGE-Establece-la-no-asistencia-a-instituciones-educativas-de-personal-y-estudiantes-de-grupos-de-riesgo-1.pdf\" target=\"_blank\">Resoluci\u00f3n N\u00b0 0156\/21 CGE<\/a><\/strong><\/td><\/tr><tr><td><strong>Reglamento Org\u00e1nico&nbsp;Marco del Sistema de Educaci\u00f3n Superior y su ampliatoria<\/strong>: <strong><a rel=\"noreferrer noopener\" href=\"upload\/Resol_2842_09-ROM-_Consejo_Directivo-Elecciones.pdf\" target=\"_blank\">Resoluci\u00f3n N\u00b02842\/09 CGE<\/a> y <a rel=\"noreferrer noopener\" href=\"upload\/4789-15_CGE_Ampliacion_y_modificacion_del_Reglamento_Organico_Marco.pdf\" target=\"_blank\">Ampliatoria Rs. N\u00b0 4789\/15 CGE&nbsp;<\/a><\/strong><\/td><\/tr><tr><td><strong>Reglamento de las Escuelas Normales<\/strong>: <strong><a rel=\"noreferrer noopener\" href=\"upload\/4082-15_CGE_1.pdf\" target=\"_blank\">Resoluci\u00f3n N\u00b0 4048\/10 CGE<\/a><\/strong><\/td><\/tr><tr><td><strong>Reglamento del Campo de la Pr\u00e1ctica<\/strong>: <strong><a rel=\"noreferrer noopener\" href=\"upload\/RES_CGE_N_3266_-_Reglamento_de_practicas_en_el_marco_de_las_vinculaciones_del_sistema_formador.pdf\" target=\"_blank\">Resoluci\u00f3n N\u00b0 3266\/11 CGE<\/a><\/strong><\/td><\/tr><tr><td><strong>R\u00e9gimen Acad\u00e9mico&nbsp;Marco y su ampliatoria<\/strong>: <strong><a rel=\"noreferrer noopener\" href=\"upload\/0655-15_CGE_Rgimen_Acadmico_Marco_Institutos_de_Educ._Superior_-_Ampl-a_alcances_de_la_Res._1066-09_CGE.pdf\" target=\"_blank\">Resoluci\u00f3n N\u00b0 0655\/15 CGE<\/a> y <a rel=\"noreferrer noopener\" href=\"upload\/4425-15_CGE_Modificaciones_Regimen_Academico_Marco_Institutos_de_Educ._Superior_1.pdf\" target=\"_blank\">Ampliatoria Rs. N\u00b0 4425\/15&nbsp;CGE<\/a><\/strong><\/td><\/tr><tr><td><strong>Aprueba el Documento marco orientador: \u00abHacia la institucionalizaci\u00f3n de la funci\u00f3n de investigaci\u00f3n educativa\u00bb<\/strong>: <strong><a rel=\"noreferrer noopener\" href=\"upload\/4082-15_CGE_1.pdf\" target=\"_blank\">Resoluci\u00f3n N\u00b0 4082\/15 CGE<\/a><\/strong><\/td><\/tr><tr><td><strong>Establece la evaluaci\u00f3n de Acciones de Formaci\u00f3n Docente Continua y Desarrollo Profesional para concursos a cargos de ascenso en el Nivel Superior<\/strong>: <strong><a rel=\"noreferrer noopener\" href=\"upload\/1370-18_CGE_Evaluacion_Acciones_de_Formacion_Docente_Continua_y_Desarrollo_ProfesionalConcurso_a_Cargo_de_Ascenso_en_Nivel_Superior.pdf\" target=\"_blank\">Resoluci\u00f3n 1370\/18 CGE<\/a><\/strong><\/td><\/tr><tr><td><strong>Declara de Inter\u00e9s Educativo las \u00abSegundas Jornadas de Debate Estudiantil respecto de los Derechos Humanos\u00bb<\/strong>: <a rel=\"noreferrer noopener\" href=\"https:\/\/ensvillaguay-ers.infd.edu.ar\/sitio\/wp-content\/uploads\/2018\/12\/5073-18-CGE-declara-Inter\u00e9s-Educativo-Segundas-Jornadas-de-debate-estudiantil-respecto-de-los-Derechos-Humanos.pdf\" target=\"_blank\"><strong>Resoluci\u00f3n 5073\/18 CGE<\/strong><\/a><\/td><\/tr><tr><td><strong>Declara de Inter\u00e9s Educativo la Feria de Educaci\u00f3n y otorga bonificaci\u00f3n cultural a docentes de todos los niveles<\/strong>: <strong><a rel=\"noreferrer noopener\" href=\"https:\/\/ensvillaguay-ers.infd.edu.ar\/sitio\/wp-content\/uploads\/2019\/05\/1930-19-CGE-Declara-Inter\u00e9s-Educativo-La-Feria-de-Educaci\u00f3n-Coordinaci\u00f3n-de-Actividades-Cient\u00edficas.pdf\" target=\"_blank\">Resoluci\u00f3n 1930\/19 CGE<\/a><\/strong><\/td><\/tr><tr><td><strong>Reglamento Unificado de Ferias de Educaci\u00f3n de Entre R\u00edos 2019 y su Ficha de Inscripci\u00f3n<\/strong>: <a rel=\"noreferrer noopener\" href=\"https:\/\/ensvillaguay-ers.infd.edu.ar\/sitio\/wp-content\/uploads\/2019\/05\/0150-19-CGE-Reglamento-Unificado-de-Ferias-de-Educaci\u00f3n-de-Entre-R\u00edos-2019.pdf\" target=\"_blank\"><strong>Resoluci\u00f3n 0150\/19 CGE<\/strong><\/a> <strong>&#8211; <a rel=\"noreferrer noopener\" href=\"https:\/\/ensvillaguay-ers.infd.edu.ar\/sitio\/wp-content\/uploads\/2019\/05\/FICHA-DE-INSCRIPCI\u00d3N-FERIA-DE-EDUCACI\u00d3N-2019-05-21-10.06.28.pdf\" target=\"_blank\">Ficha de Inscripci\u00f3n<\/a><\/strong><\/td><\/tr><\/tbody><\/table><\/figure>\n\n\n<ul>\n<li>\n<h4><span style=\"color: #008000;\">Resoluciones de Rector\u00eda<\/span><\/h4>\n<\/li>\n<\/ul>\n\n\n<figure class=\"wp-block-table is-style-stripes\"><table><tbody><tr><td><strong>Establece los componentes para la formulaci\u00f3n del proyecto a presentar por los aspirantes en los concursos para la cobertura de la funci\u00f3n de Referente T\u00e9cnico Institucional<\/strong>: <strong><a rel=\"noreferrer noopener\" href=\"https:\/\/ensvillaguay-ers.infd.edu.ar\/sitio\/wp-content\/uploads\/2021\/07\/RESOLUCI\u00d3N-002-2020-.pdf\" target=\"_blank\">Resoluci\u00f3n 002\/20 Rector\u00eda<\/a><\/strong><\/td><\/tr><tr><td><strong>Designaci\u00f3n Ayudantes de C\u00e1tedra por el t\u00e9rmino del a\u00f1o acad\u00e9mico 2019<\/strong>: <a rel=\"noreferrer noopener\" href=\"https:\/\/ensvillaguay-ers.infd.edu.ar\/sitio\/wp-content\/uploads\/2019\/05\/Resoluci\u00f3n-006-19-Rector\u00eda.pdf\" target=\"_blank\"><strong>Resoluci\u00f3n 006\/19 Rector\u00eda<\/strong><\/a><\/td><\/tr><\/tbody><\/table><\/figure>\n\n\n<ul>\n<li>\n<h4><span style=\"color: #008000;\"><strong>Circulares<\/strong><\/span><\/h4>\n<\/li>\n<\/ul>\n\n\n<figure class=\"wp-block-table is-style-stripes\"><table><tbody><tr><td><strong>Aclaraciones sobre la puesta en vigencia de la Resoluci\u00f3n 4967\/19 CGE \u00abR\u00e9gimen Acad\u00e9mico Marco\u00bb<\/strong>: <a rel=\"noreferrer noopener\" href=\"https:\/\/ensvillaguay-ers.infd.edu.ar\/sitio\/wp-content\/uploads\/2021\/05\/circular-3-20-DES-1.pdf\" target=\"_blank\"><strong>Circular N\u00b0 003\/20 DES<\/strong><\/a><\/td><\/tr><tr><td><strong>Sesiones online de los Consejos Directivos Institucionales<\/strong>: <a rel=\"noreferrer noopener\" href=\"https:\/\/ensvillaguay-ers.infd.edu.ar\/sitio\/wp-content\/uploads\/2021\/05\/Circular-N\u00ba-06-DES.pdf\" target=\"_blank\"><strong>Circular N\u00b0 006\/20 DES<\/strong><\/a><\/td><\/tr><tr><td><strong>Orientaciones para los Concursos en el Nivel Superior<\/strong>: <a rel=\"noreferrer noopener\" href=\"https:\/\/ensvillaguay-ers.infd.edu.ar\/sitio\/wp-content\/uploads\/2021\/12\/Circular-14-21-JC.pdf\" target=\"_blank\"><strong>Circular 14\/21 Jurado de Concursos Nivel Superior &#8211; CGE<\/strong><\/a><\/td><\/tr><tr><td><strong>Consideraciones generales para la publicaci\u00f3n de convocatorias a concursos en el Nivel Superior<\/strong>: <strong><a rel=\"noreferrer noopener\" href=\"upload\/Circular_17-18_JC_Consideraciones_Grales_para_Convocatorias_a_Concursos_NS.pdf\" target=\"_blank\">Circular 17\/18 Jurado de Concursos Nivel Superior &#8211; CGE<\/a><\/strong><\/td><\/tr><tr><td><strong>Establece la carga del Registro \u00danico de Centros de Estudiantes Digital, en el Sistema SAGE<\/strong>: <strong><a rel=\"noreferrer noopener\" href=\"upload\/Circular_N4_RUCED-DES.pdf\" target=\"_blank\">Circular N\u00b0 4\/18 DES<\/a><\/strong><\/td><\/tr><\/tbody><\/table><\/figure>\n\n\n<ul>\n<li>\n<h4><span style=\"color: #008000;\">Documentos<\/span><\/h4>\n<\/li>\n<\/ul>\n\n\n<figure class=\"wp-block-table is-style-stripes\"><table><tbody><tr><td><strong>Instructivo para la emisi\u00f3n y validaci\u00f3n del LEGAJO COMPLETO de SAGE para acreditar distintas antig\u00fcedades en los concursos de Nivel Superior:<\/strong> <a rel=\"noreferrer noopener\" href=\"https:\/\/ensvillaguay-ers.infd.edu.ar\/sitio\/wp-content\/uploads\/2019\/08\/INSTRUCTIVO-LEGAJO-COMPLETO-PARA-CONCURSOS-DE-NIVEL-SUPERIOR.pdf\" target=\"_blank\"><strong>Instructivo Legajo Completo para concursos de Nivel Superior<\/strong><\/a><\/td><\/tr><tr><td><strong>MEMO N\u00b0 01\/19 del Consejo Directivo Institucional, que recuerda al personal docente y estudiantes que se encuentra en vigencia la normativa que establece sus derechos y responsabilidades<\/strong>: <a rel=\"noreferrer noopener\" href=\"https:\/\/ensvillaguay-ers.infd.edu.ar\/sitio\/wp-content\/uploads\/2019\/08\/MEMO-01-19.pdf\" target=\"_blank\"><strong>MEMO N\u00b0 01\/19 CDI<\/strong><\/a><\/td><\/tr><tr><td><a rel=\"noreferrer noopener\" href=\"https:\/\/ensvillaguay-ers.infd.edu.ar\/sitio\/wp-content\/uploads\/2019\/05\/Orientaciones-Planificaci\u00f3n-Did\u00e1ctica-ISFD-2019.pdf\" target=\"_blank\"><strong>Orientaciones Planificaci\u00f3n Did\u00e1ctica ISFD 2019<\/strong><\/a><\/td><\/tr><\/tbody><\/table><\/figure>\n\n\n\n<p><\/p>\n","protected":false},"excerpt":{"rendered":"<p>Resoluciones CGE Establecer como \u00faltimo plazo para la aprobaci\u00f3n de la totalidad de las unidades curriculares comprendidas en los dise\u00f1os curriculares inmediatamente anteriores a las vigentes para las Carreras de Formaci\u00f3n Docente, la finalizaci\u00f3n del ciclo lectivo 2022: Resoluci\u00f3n 1290\/22 CGE Calendario Escolar 2024. Resoluci\u00f3n N\u00b0 5155\/23 CGE Modificaci\u00f3n transitoria del RAM que regulan las &#8230; <a title=\"Normativas de Nivel Superior\" class=\"read-more\" href=\"https:\/\/ensvillaguay-ers.infd.edu.ar\/sitio\/normativas-nivel-superior\/\" aria-label=\"More on Normativas de Nivel Superior\">[+]<\/a><\/p>\n","protected":false},"author":1046,"featured_media":0,"parent":0,"menu_order":0,"comment_status":"closed","ping_status":"closed","template":"","meta":[],"acf":[],"_links":{"self":[{"href":"https:\/\/ensvillaguay-ers.infd.edu.ar\/sitio\/wp-json\/wp\/v2\/pages\/1015"}],"collection":[{"href":"https:\/\/ensvillaguay-ers.infd.edu.ar\/sitio\/wp-json\/wp\/v2\/pages"}],"about":[{"href":"https:\/\/ensvillaguay-ers.infd.edu.ar\/sitio\/wp-json\/wp\/v2\/types\/page"}],"author":[{"embeddable":true,"href":"https:\/\/ensvillaguay-ers.infd.edu.ar\/sitio\/wp-json\/wp\/v2\/users\/1046"}],"replies":[{"embeddable":true,"href":"https:\/\/ensvillaguay-ers.infd.edu.ar\/sitio\/wp-json\/wp\/v2\/comments?post=1015"}],"version-history":[{"count":43,"href":"https:\/\/ensvillaguay-ers.infd.edu.ar\/sitio\/wp-json\/wp\/v2\/pages\/1015\/revisions"}],"predecessor-version":[{"id":10624,"href":"https:\/\/ensvillaguay-ers.infd.edu.ar\/sitio\/wp-json\/wp\/v2\/pages\/1015\/revisions\/10624"}],"wp:attachment":[{"href":"https:\/\/ensvillaguay-ers.infd.edu.ar\/sitio\/wp-json\/wp\/v2\/media?parent=1015"}],"curies":[{"name":"wp","href":"https:\/\/api.w.org\/{rel}","templated":true}]}}