{"id":1041,"date":"2018-07-26T14:09:59","date_gmt":"2018-07-26T17:09:59","guid":{"rendered":"https:\/\/ensvillaguay-ers.infd.edu.ar\/sitio\/?page_id=1041"},"modified":"2018-07-26T14:09:59","modified_gmt":"2018-07-26T17:09:59","slug":"profesorado-de-educacion-secundaria-de-la-modalidad-tecnico-profesional-en-concurrencia-con-el-titulo-de-base","status":"publish","type":"page","link":"https:\/\/ensvillaguay-ers.infd.edu.ar\/sitio\/profesorado-de-educacion-secundaria-de-la-modalidad-tecnico-profesional-en-concurrencia-con-el-titulo-de-base\/","title":{"rendered":"Profesorado de Educaci\u00f3n Secundaria de la Modalidad T\u00e9cnico Profesional en Concurrencia con el T\u00edtulo de Base"},"content":{"rendered":"<table border=\"0\">\n<tbody>\n<tr>\n<td style=\"background-color: #ffffff;\">\n<p style=\"text-align: center;\"><span style=\"font-family: arial, helvetica, sans-serif; font-size: 14pt; color: #ff0000;\"><strong>PROFESORADO DE EDUCACI&Oacute;N SECUNDARIA&nbsp;<\/strong><strong>DE LA MODALIDAD T&Eacute;CNICO PROFESIONAL EN CONCURRENCIA CON EL T&Iacute;TULO DE BASE<\/strong><\/span><\/p>\n<p style=\"text-align: center;\"><span style=\"font-family: arial, helvetica, sans-serif; font-size: 10pt;\"><strong>Dise&ntilde;o Curricular aprobado por&nbsp;<span style=\"color: #ff0000;\"><a title=\"0544_09 Profesorado de Educ. Secundaria de la Modalidad T&eacute;cnico Profesional\" href=\"upload\/0544_09_Profesorado_de_Educ._Secundaria_de_la_Modalidad_Tecnico_Profesional.pdf\" target=\"_blank\"><span style=\"color: #ff0000;\">Resoluci&oacute;n N&ordm; 544\/09 CGE<\/span><\/a><\/span><a title=\"0759-14_CGE_Dise&ntilde;o_Curricular_Profesorado_en_Lengua_y_Literatura\" href=\"upload\/0759-14_CGE_Disen_o_Curricular_Profesorado_en_Lengua_y_Literatura.pdf\" target=\"_blank\"><\/a><\/strong><\/span><\/p>\n<p><span>&nbsp;<\/span><\/p>\n<p><span style=\"font-family: arial, helvetica, sans-serif; font-size: 10pt;\"><strong><span style=\"color: #ff0000;\">T&iacute;tulo que otorga:<\/span>&nbsp;<em>Profesor\/a de Educaci&oacute;n Secundaria de la Modalidad T&eacute;cnico Profesional en concurrencia con el t&iacute;tulo de base&nbsp;<\/em><\/strong><\/span><\/p>\n<p><span style=\"font-family: arial, helvetica, sans-serif; font-size: 10pt;\"><span style=\"color: #ff0000;\"><strong>Duraci&oacute;n:<\/strong><\/span>&nbsp;3 a&ntilde;os.<\/span><\/p>\n<p><span style=\"font-family: arial, helvetica, sans-serif; font-size: 10pt; color: #ff0000;\"><strong>Condiciones de Ingreso<\/strong><\/span><\/p>\n<p style=\"text-align: justify;\"><span style=\"font-family: arial, helvetica, sans-serif; font-size: 10pt;\"><em><strong><span style=\"text-decoration: underline;\">T&iacute;tulo previo<\/span>:<\/strong> Es condici&oacute;n indispensable que el ingresante presente t&iacute;tulo t&eacute;cnico de nivel medio o superior no universitario (mayor a 1600 hs.) o bien t&iacute;tulo de nivel universitario af&iacute;n a las especialidades de la ETP, debidamente certificado. En base a esta condici&oacute;n, el Campo de la Formaci&oacute;n Especifica se organiza en dos niveles: el nivel de actualizaci&oacute;n cient&iacute;fico tecnol&oacute;gica b&aacute;sica y el nivel de actualizaci&oacute;n cient&iacute;fico tecnol&oacute;gica avanzada. Los cursantes que cuenten con t&iacute;tulo de grado universitario cursan solamente este segundo nivel.<\/em><\/span><\/p>\n<p style=\"text-align: justify;\"><span style=\"font-family: arial, helvetica, sans-serif; font-size: 10pt;\"><em><strong><span style=\"text-decoration: underline;\">Experiencia docente<\/span>:<\/strong> los cursantes que ya se desempe&ntilde;an como docentes en materias espec&iacute;ficas a las especialidades, de los campos cient&iacute;ficotecnol&oacute;gico, t&eacute;cnico espec&iacute;fico y\/o de la pr&aacute;ctica profesional en instituciones de nivel medio t&eacute;cnico o t&eacute;cnico superior no universitario desarrollar&aacute;n las actividades del campo de la pr&aacute;ctica profesional de manera diferenciada y abreviada en funci&oacute;n de los a&ntilde;os\/materias de experiencia acreditada. Deber&aacute;n presentar constancia de la situaci&oacute;n de revista, antecedentes docentes, antig&uuml;edad en la docencia acreditada con la presentaci&oacute;n de al menos dos evaluaciones conceptuales docentes, o certificaci&oacute;n de servicios que acredite al menos 2 per&iacute;odos no menores a cuatro meses ininterrumpidos frente a curso, debidamente certificadas. Los cursantes que no acreditan experiencia docente, cursar&aacute;n la totalidad de las actividades.<\/em><\/span><\/p>\n<p><span>&nbsp;<\/span><\/p>\n<p><span style=\"font-family: arial, helvetica, sans-serif; font-size: 10pt; color: #ff0000;\"><strong>Alcances del T&iacute;tulo<\/strong><\/span><\/p>\n<p style=\"text-align: justify;\"><span style=\"font-family: arial, helvetica, sans-serif; font-size: 10pt;\">Los alcances profesionales del \u00abProfesorado de Educaci&oacute;n Secundaria de la Modalidad T&eacute;cnico Profesional en concurrencia con t&iacute;tulo de base\u00bb son los siguientes:<\/span><\/p>\n<ul type=\"disc\">\n<li><span style=\"font-family: arial, helvetica, sans-serif; font-size: 10pt;\">(a) Planificar, coordinar, gestionar y evaluar los procesos de ense&ntilde;anza y aprendizaje en el nivel o ciclo correspondiente. <\/span><\/li>\n<li><span style=\"font-family: arial, helvetica, sans-serif; font-size: 10pt;\">(b) Asesorar sobre el proceso de ense&ntilde;anza y aprendizaje en el &aacute;rea de su conocimiento espec&iacute;fico. <\/span><\/li>\n<li><span style=\"font-family: arial, helvetica, sans-serif; font-size: 10pt;\">(c) Guiar y orientar el proceso socio-afectivo, institucional, cultural y comunitario que la realidad y las normativas vigentes exigen para el logro de un desempe&ntilde;o profesional satisfactorio apoyado en el conocimiento y la &eacute;tica.<\/span><\/li>\n<\/ul>\n<p><span>&nbsp;<\/span><\/p>\n<p><span style=\"font-family: arial, helvetica, sans-serif; font-size: 10pt; color: #ff0000;\"><strong>Perfil del egresado<\/strong><\/span><\/p>\n<p style=\"text-align: justify;\"><span style=\"font-family: arial, helvetica, sans-serif; font-size: 10pt;\">El Profesor en ETP es un docente con t&iacute;tulo t&eacute;cnico de base de nivel secundario, superior o de grado universitario, que ha obtenido formaci&oacute;n pedag&oacute;gica general, actualizaci&oacute;n cient&iacute;fico tecnol&oacute;gica y formaci&oacute;n espec&iacute;fica para la pr&aacute;ctica profesional docente, a partir de las cuales cuenta con las capacidades que le permitan, en los desempe&ntilde;os de las instituciones de ETP, manifestar las competencias necesarias en: <\/span><\/p>\n<ul>\n<li><span style=\"font-family: arial, helvetica, sans-serif; font-size: 10pt;\">la utilizaci&oacute;n de las estrategias metodol&oacute;gicas adecuadas para conducir actividades formativas en el &aacute;mbito de su especialidad, seg&uacute;n los ciclos, niveles de capacidad y equipamientos disponibles en los establecimientos de ETP, <\/span><\/li>\n<li><span style=\"font-family: arial, helvetica, sans-serif; font-size: 10pt;\">la vinculaci&oacute;n de los contenidos de la ETP con las particularidades y necesidades del sistema socio productivo regional y local, en relaci&oacute;n con la formaci&oacute;n del futuro egresado, a trav&eacute;s de enfoques novedosos y ajustados a las posibilidades de inserci&oacute;n profesional, <\/span><\/li>\n<li><span style=\"font-family: arial, helvetica, sans-serif; font-size: 10pt;\">la integraci&oacute;n de equipos directivos y docentes, contribuyendo al an&aacute;lisis, dise&ntilde;o, ejecuci&oacute;n y evaluaci&oacute;n de proyectos y planes institucionales.<\/span><\/li>\n<\/ul>\n<p><span>&nbsp;<\/span><\/p>\n<p><span style=\"color: #ff0000;\"><span style=\"font-family: arial, helvetica, sans-serif; font-size: 10pt;\"><strong><a title=\"Estructura Curricular PROFESORADO T&Eacute;CNICO PROFESIONAL\" href=\"upload\/Estructura_Curricular_PROFESORADO_TECNICO_PROFESIONAL.pdf\" target=\"_blank\"><span style=\"color: #ff0000;\">Estructura Curricular del Profesorado de Educaci&oacute;n Secundaria&nbsp;<\/span><\/a><\/strong><\/span><span style=\"font-family: arial, helvetica, sans-serif; font-size: 10pt;\"><strong><strong><a title=\"Estructura Curricular PROFESORADO T&Eacute;CNICO PROFESIONAL\" href=\"upload\/Estructura_Curricular_PROFESORADO_TECNICO_PROFESIONAL.pdf\" target=\"_blank\"><span style=\"color: #ff0000;\">de la Modalidad T&eacute;cnico Profesional en concurrencia con el t&iacute;tulo de base<\/span><\/a><\/strong><\/strong><\/span><span style=\"font-family: arial, helvetica, sans-serif; font-size: 10pt;\"><strong><strong>&nbsp;<\/strong><\/strong><\/span><\/span><\/p>\n<p>&nbsp;<\/p>\n<\/td>\n<\/tr>\n<\/tbody>\n<table style=\"width: 537px; height: 155px;\" border=\"0\">\n<tbody>\n<tr style=\"background-color: #ccd2d6;\">\n<td style=\"border: 1px solid #000000;\" colspan=\"5\">\n<p style=\"text-align: center;\"><strong><span style=\"font-family: arial, helvetica, sans-serif; font-size: 10pt;\">Organizaci&oacute;n actual de las Unidades Curriculares&nbsp;<\/span><\/strong><\/p>\n<\/td>\n<\/tr>\n<tr style=\"background-color: #ccd2d6;\">\n<td style=\"border: 1px solid #000000;\">\n<p>Cuatrimestres<\/p>\n<\/td>\n<td style=\"border: 1px solid #000000; text-align: center;\" colspan=\"2\"><strong>Viernes<\/strong><\/td>\n<td style=\"border: 1px solid #000000; text-align: center;\" colspan=\"2\"><strong>S&aacute;bado<\/strong><\/td>\n<\/tr>\n<tr style=\"background-color: #ccd2d6;\">\n<td style=\"border: 1px solid #000000; text-align: center;\">1ro.<\/td>\n<td style=\"border: 1px solid #000000; text-align: center;\">\n<p><span style=\"font-size: 10pt; color: #3366ff;\"><em>Sistemas de representaci&oacute;n<\/em><\/span><\/p>\n<p>De: 14:00 a 18:30<\/p>\n<\/td>\n<td style=\"border: 1px solid #000000; text-align: center;\">\n<p><span style=\"color: #3366ff;\"><em><span style=\"font-size: 10pt;\">Matem&aacute;tica I<\/span><\/em><\/span><\/p>\n<p>De: 18:30 a 23:00<\/p>\n<\/td>\n<td style=\"border: 1px solid #000000; text-align: center;\">\n<p><span style=\"color: #ff0000;\"><em><span style=\"font-size: 10pt;\">Pedagog&iacute;a<\/span><\/em><\/span><\/p>\n<p>De: 8:00 a 12:00<\/p>\n<\/td>\n<td style=\"border: 1px solid #000000; text-align: center;\">\n<p><span style=\"font-size: 10pt; color: #ff0000;\"><em>Filosof&iacute;a de la Educaci&oacute;n<\/em><\/span><\/p>\n<p>De: 13:00 a 17:00<\/p>\n<\/td>\n<\/tr>\n<tr style=\"background-color: #ccd2d6;\">\n<td style=\"border: 1px solid #000000; text-align: center;\">2do.<\/td>\n<td style=\"border: 1px solid #000000; text-align: center;\">\n<p><span style=\"font-size: 10pt; color: #008000;\"><em>Pr&aacute;ctica I<\/em><\/span><\/p>\n<p>De: 15:00 a 17:00<\/p>\n<\/td>\n<td style=\"border: 1px solid #000000; text-align: center;\">\n<p><span style=\"font-size: 10pt; color: #3366ff;\"><em>F&iacute;sica<\/em><\/span><\/p>\n<p>De: 17:00 a 21:30<\/p>\n<\/td>\n<td style=\"border: 1px solid #000000; text-align: center;\">\n<p><span style=\"color: #ff0000;\"><em><span style=\"font-size: 10pt;\">Psicolog&iacute;a de la Educaci&oacute;n<\/span><\/em><\/span><\/p>\n<p>De: 8:00 a 12:00<\/p>\n<\/td>\n<td style=\"border: 1px solid #000000; text-align: center;\">\n<p><span style=\"font-size: 10pt; color: #ff0000;\"><em>Did&aacute;ctica Genera<\/em><\/span><em>l<\/em><\/p>\n<p>De: 13:00 a 17:00<\/p>\n<\/td>\n<\/tr>\n<tr style=\"background-color: #ccd2d6;\">\n<td style=\"border: 1px solid #000000; text-align: center;\"><em>3ro.<\/em><\/td>\n<td style=\"border: 1px solid #000000; text-align: center;\">\n<p><span style=\"font-size: 10pt; color: #ff0000;\"><em>Pr&aacute;ctica II<\/em><\/span><\/p>\n<p>De: 14:00 a 18:00<\/p>\n<\/td>\n<td style=\"border: 1px solid #000000; text-align: center;\">\n<p><span style=\"color: #ff0000;\"><em><span style=\"font-size: 10pt;\">Did&aacute;ctica Espec&iacute;fica<\/span><\/em><\/span><\/p>\n<p>De: 8:00 a 22:00<\/p>\n<\/td>\n<td style=\"border: 1px solid #000000; text-align: center;\">\n<p><span style=\"color: #3366ff;\"><em><span style=\"font-size: 10pt;\">Probabilidad y Estad&iacute;stica<\/span><\/em><\/span><\/p>\n<p>De: 8:00 a 12:30<\/p>\n<\/td>\n<td style=\"border: 1px solid #000000; text-align: center;\">\n<p><span style=\"font-size: 10pt; color: #3366ff;\"><em>Qu&iacute;mica<\/em><\/span><\/p>\n<p>De: 13:30 a 16:30<\/p>\n<\/td>\n<\/tr>\n<tr style=\"background-color: #ccd2d6;\">\n<td style=\"border: 1px solid #000000; text-align: center;\">4to.<\/td>\n<td style=\"border: 1px solid #000000; text-align: center;\">&nbsp;<\/td>\n<td style=\"border: 1px solid #000000; text-align: center;\">\n<p><span style=\"font-size: 10pt; color: #3366ff;\"><em>Biolog&iacute;a<\/em><\/span><\/p>\n<p>De: 17:00 a 21:30<\/p>\n<\/td>\n<td style=\"border: 1px solid #000000; text-align: center;\">\n<p><span style=\"color: #ff0000;\"><em><span style=\"font-size: 10pt;\">Historia y Pol&iacute;tica de la Educaci&oacute;n<\/span><\/em><\/span><\/p>\n<p>De: 8:00 a 12:30<\/p>\n<\/td>\n<td style=\"border: 1px solid #000000; text-align: center;\">\n<p><span style=\"font-size: 10pt; color: #ff0000;\"><em>Pr&aacute;ctica III<\/em><\/span><\/p>\n<p>De: 13:30 a 16:30<\/p>\n<\/td>\n<\/tr>\n<tr style=\"background-color: #ccd2d6;\">\n<td style=\"border: 1px solid #000000; text-align: center;\">5to.<\/td>\n<td style=\"border: 1px solid #000000; text-align: center;\">\n<p><span style=\"font-size: 10pt; color: #ff0000;\"><em>Pr&aacute;ctica IV<\/em><\/span><\/p>\n<p>De: 14:00 a 17:00<\/p>\n<\/td>\n<td style=\"border: 1px solid #000000; text-align: center;\">\n<p><span style=\"color: #ff0000;\"><em><span style=\"font-size: 10pt;\">Sociolog&iacute;a de las Instituciones<\/span><\/em><\/span><\/p>\n<p>De: 17:00 a 21:00<\/p>\n<\/td>\n<td style=\"border: 1px solid #000000; text-align: center;\">\n<p><span style=\"font-size: 10pt; color: #993366;\"><em>Tecnolog&iacute;a de los Materiales<\/em><\/span><\/p>\n<p>De: 8:00 a 11:00<\/p>\n<\/td>\n<td style=\"border: 1px solid #000000; text-align: center;\">\n<p><span style=\"font-size: 10pt; color: #993366;\"><em>Organizaci&oacute;n Industrial<\/em><\/span><\/p>\n<p>De: 11:00 a 14:00<\/p>\n<\/td>\n<\/tr>\n<tr style=\"background-color: #ccd2d6;\">\n<td style=\"border: 1px solid #000000; text-align: center;\">6to.<\/td>\n<td style=\"border: 1px solid #000000; text-align: center;\">\n<p><span style=\"font-size: 10pt; color: #008000;\"><em>Pr&aacute;ctica V<\/em><\/span><\/p>\n<p><span style=\"font-size: 10pt; color: #008000;\"><em>(Residencia)<\/em><\/span><\/p>\n<p>De: 15:00 a 17:00<\/p>\n<\/td>\n<td style=\"border: 1px solid #000000; text-align: center;\">\n<p><span style=\"color: #993366;\"><em><span style=\"font-size: 10pt;\">Energ&iacute;as Renovables<\/span><\/em><\/span><\/p>\n<p>De: 17:00 a 20:00<\/p>\n<\/td>\n<td style=\"border: 1px solid #000000; text-align: center;\">\n<p><span style=\"font-size: 10pt; color: #993366;\"><em>Higiene y Seguridad<\/em><\/span><\/p>\n<p>De: 8:00 a 11:00<\/p>\n<\/td>\n<td style=\"border: 1px solid #000000; text-align: center;\">\n<p><span style=\"color: #993366;\"><em><span style=\"font-size: 10pt;\">Biotecnolog&iacute;a<\/span><\/em><\/span><\/p>\n<p>De: 11:00 a 14:00<\/p>\n<\/td>\n<\/tr>\n<\/tbody>\n<\/table>\n<\/table>\n","protected":false},"excerpt":{"rendered":"<p>PROFESORADO DE EDUCACI&Oacute;N SECUNDARIA&nbsp;DE LA MODALIDAD T&Eacute;CNICO PROFESIONAL EN CONCURRENCIA CON EL T&Iacute;TULO DE BASE Dise&ntilde;o Curricular aprobado por&nbsp;Resoluci&oacute;n N&ordm; 544\/09 CGE &nbsp; T&iacute;tulo que otorga:&nbsp;Profesor\/a de Educaci&oacute;n Secundaria de la Modalidad T&eacute;cnico Profesional en concurrencia con el t&iacute;tulo de base&nbsp; Duraci&oacute;n:&nbsp;3 a&ntilde;os. Condiciones de Ingreso T&iacute;tulo previo: Es condici&oacute;n indispensable que el ingresante presente &#8230; <a title=\"Profesorado de Educaci\u00f3n Secundaria de la Modalidad T\u00e9cnico Profesional en Concurrencia con el T\u00edtulo de Base\" class=\"read-more\" href=\"https:\/\/ensvillaguay-ers.infd.edu.ar\/sitio\/profesorado-de-educacion-secundaria-de-la-modalidad-tecnico-profesional-en-concurrencia-con-el-titulo-de-base\/\" aria-label=\"More on Profesorado de Educaci\u00f3n Secundaria de la Modalidad T\u00e9cnico Profesional en Concurrencia con el T\u00edtulo de Base\">[+]<\/a><\/p>\n","protected":false},"author":1046,"featured_media":0,"parent":0,"menu_order":0,"comment_status":"closed","ping_status":"closed","template":"","meta":[],"acf":[],"_links":{"self":[{"href":"https:\/\/ensvillaguay-ers.infd.edu.ar\/sitio\/wp-json\/wp\/v2\/pages\/1041"}],"collection":[{"href":"https:\/\/ensvillaguay-ers.infd.edu.ar\/sitio\/wp-json\/wp\/v2\/pages"}],"about":[{"href":"https:\/\/ensvillaguay-ers.infd.edu.ar\/sitio\/wp-json\/wp\/v2\/types\/page"}],"author":[{"embeddable":true,"href":"https:\/\/ensvillaguay-ers.infd.edu.ar\/sitio\/wp-json\/wp\/v2\/users\/1046"}],"replies":[{"embeddable":true,"href":"https:\/\/ensvillaguay-ers.infd.edu.ar\/sitio\/wp-json\/wp\/v2\/comments?post=1041"}],"version-history":[{"count":1,"href":"https:\/\/ensvillaguay-ers.infd.edu.ar\/sitio\/wp-json\/wp\/v2\/pages\/1041\/revisions"}],"predecessor-version":[{"id":1184,"href":"https:\/\/ensvillaguay-ers.infd.edu.ar\/sitio\/wp-json\/wp\/v2\/pages\/1041\/revisions\/1184"}],"wp:attachment":[{"href":"https:\/\/ensvillaguay-ers.infd.edu.ar\/sitio\/wp-json\/wp\/v2\/media?parent=1041"}],"curies":[{"name":"wp","href":"https:\/\/api.w.org\/{rel}","templated":true}]}}