{"id":10565,"date":"2024-04-03T17:43:55","date_gmt":"2024-04-03T20:43:55","guid":{"rendered":"https:\/\/ensvillaguay-ers.infd.edu.ar\/sitio\/?page_id=10565"},"modified":"2024-04-03T17:43:57","modified_gmt":"2024-04-03T20:43:57","slug":"vice-rectores","status":"publish","type":"page","link":"https:\/\/ensvillaguay-ers.infd.edu.ar\/sitio\/vice-rectores\/","title":{"rendered":"Vice &#8211; Rectores"},"content":{"rendered":"\n<figure class=\"wp-block-image size-large\"><img decoding=\"async\" loading=\"lazy\" width=\"1900\" height=\"819\" src=\"https:\/\/ensvillaguay-ers.infd.edu.ar\/sitio\/wp-content\/uploads\/2024\/04\/Propuestas-de-Formacion-Docente-Inicial-1900x819.jpg\" alt=\"\" class=\"wp-image-10566\" srcset=\"https:\/\/ensvillaguay-ers.infd.edu.ar\/sitio\/wp-content\/uploads\/2024\/04\/Propuestas-de-Formacion-Docente-Inicial-1900x819.jpg 1900w, https:\/\/ensvillaguay-ers.infd.edu.ar\/sitio\/wp-content\/uploads\/2024\/04\/Propuestas-de-Formacion-Docente-Inicial-1000x431.jpg 1000w, https:\/\/ensvillaguay-ers.infd.edu.ar\/sitio\/wp-content\/uploads\/2024\/04\/Propuestas-de-Formacion-Docente-Inicial-768x331.jpg 768w, https:\/\/ensvillaguay-ers.infd.edu.ar\/sitio\/wp-content\/uploads\/2024\/04\/Propuestas-de-Formacion-Docente-Inicial-1536x662.jpg 1536w, https:\/\/ensvillaguay-ers.infd.edu.ar\/sitio\/wp-content\/uploads\/2024\/04\/Propuestas-de-Formacion-Docente-Inicial.jpg 1915w\" sizes=\"(max-width: 1900px) 100vw, 1900px\" \/><\/figure>\n\n\n\n<figure class=\"wp-block-table is-style-stripes\"><table><tbody><tr><td class=\"has-text-align-center\" data-align=\"center\">Prof. Mar\u00eda Lidia <strong>FOLLONIER de GALICCHIO<\/strong><\/td><\/tr><tr><td class=\"has-text-align-center\" data-align=\"center\">Prof. Mercedes <strong>Leticia \u00c1LVAREZ<\/strong><\/td><\/tr><tr><td class=\"has-text-align-center\" data-align=\"center\">Prof. Martha Teresita <strong>BLANC de SANTAMAR\u00cdA<\/strong><\/td><\/tr><tr><td class=\"has-text-align-center\" data-align=\"center\">Prof. Alba Teresita <strong>SANZ\u00a0de EL\u00cdAS<\/strong><\/td><\/tr><tr><td class=\"has-text-align-center\" data-align=\"center\">Prof. Oscar Antonio<strong> ECH\u00c1NIZ<\/strong><\/td><\/tr><tr><td class=\"has-text-align-center\" data-align=\"center\">Prof. Olga Celeste <strong>BELTRAME<\/strong><\/td><\/tr><tr><td class=\"has-text-align-center\" data-align=\"center\">Prof. Hilda Raquel <strong>GARC\u00cdA<\/strong><\/td><\/tr><tr><td class=\"has-text-align-center\" data-align=\"center\">Prof. Pedro N\u00e9stor Jorge <strong>FILLEUL<\/strong><\/td><\/tr><tr><td class=\"has-text-align-center\" data-align=\"center\">Prof. Alicia <strong>MAIDANA<\/strong><\/td><\/tr><tr><td class=\"has-text-align-center\" data-align=\"center\">Prof. Ana Mar\u00eda <strong>LUCIANI<\/strong><\/td><\/tr><tr><td class=\"has-text-align-center\" data-align=\"center\">Prof. Ra\u00fal Enrique <strong>PIAZZENTINO<\/strong><\/td><\/tr><tr><td class=\"has-text-align-center\" data-align=\"center\">Prof. Marta Elena <strong>CAIRE<\/strong><\/td><\/tr><tr><td class=\"has-text-align-center\" data-align=\"center\">Prof. Mar\u00eda Alejandra <strong>BARBAR<\/strong><\/td><\/tr><tr><td class=\"has-text-align-center\" data-align=\"center\">Prof. Mar\u00eda Soledad <strong>RODR\u00cdGUEZ<\/strong><\/td><\/tr><\/tbody><\/table><\/figure>\n","protected":false},"excerpt":{"rendered":"<p>Prof. Mar\u00eda Lidia FOLLONIER de GALICCHIO Prof. Mercedes Leticia \u00c1LVAREZ Prof. Martha Teresita BLANC de SANTAMAR\u00cdA Prof. Alba Teresita SANZ\u00a0de EL\u00cdAS Prof. Oscar Antonio ECH\u00c1NIZ Prof. Olga Celeste BELTRAME Prof. Hilda Raquel GARC\u00cdA Prof. Pedro N\u00e9stor Jorge FILLEUL Prof. Alicia MAIDANA Prof. Ana Mar\u00eda LUCIANI Prof. Ra\u00fal Enrique PIAZZENTINO Prof. Marta Elena CAIRE Prof. Mar\u00eda &#8230; <a title=\"Vice &#8211; Rectores\" class=\"read-more\" href=\"https:\/\/ensvillaguay-ers.infd.edu.ar\/sitio\/vice-rectores\/\" aria-label=\"More on Vice &#8211; Rectores\">[+]<\/a><\/p>\n","protected":false},"author":1427,"featured_media":0,"parent":0,"menu_order":0,"comment_status":"closed","ping_status":"closed","template":"","meta":[],"acf":[],"_links":{"self":[{"href":"https:\/\/ensvillaguay-ers.infd.edu.ar\/sitio\/wp-json\/wp\/v2\/pages\/10565"}],"collection":[{"href":"https:\/\/ensvillaguay-ers.infd.edu.ar\/sitio\/wp-json\/wp\/v2\/pages"}],"about":[{"href":"https:\/\/ensvillaguay-ers.infd.edu.ar\/sitio\/wp-json\/wp\/v2\/types\/page"}],"author":[{"embeddable":true,"href":"https:\/\/ensvillaguay-ers.infd.edu.ar\/sitio\/wp-json\/wp\/v2\/users\/1427"}],"replies":[{"embeddable":true,"href":"https:\/\/ensvillaguay-ers.infd.edu.ar\/sitio\/wp-json\/wp\/v2\/comments?post=10565"}],"version-history":[{"count":1,"href":"https:\/\/ensvillaguay-ers.infd.edu.ar\/sitio\/wp-json\/wp\/v2\/pages\/10565\/revisions"}],"predecessor-version":[{"id":10568,"href":"https:\/\/ensvillaguay-ers.infd.edu.ar\/sitio\/wp-json\/wp\/v2\/pages\/10565\/revisions\/10568"}],"wp:attachment":[{"href":"https:\/\/ensvillaguay-ers.infd.edu.ar\/sitio\/wp-json\/wp\/v2\/media?parent=10565"}],"curies":[{"name":"wp","href":"https:\/\/api.w.org\/{rel}","templated":true}]}}