{"id":1062,"date":"2018-06-29T17:49:00","date_gmt":"2018-06-29T20:49:00","guid":{"rendered":"https:\/\/ensvillaguay-ers.infd.edu.ar\/sitio\/nivel-primario\/"},"modified":"2019-11-15T18:56:21","modified_gmt":"2019-11-15T21:56:21","slug":"nivel-primario","status":"publish","type":"page","link":"https:\/\/ensvillaguay-ers.infd.edu.ar\/sitio\/nivel-primario\/","title":{"rendered":"Nivel Primario"},"content":{"rendered":"<p style=\"text-align: justify;\">El 22 de marzo de 1933 inicia sus actividades en la ciudad de Villaguay el Instituto Villaguay de Ense\u00f1anza Secundaria (IVES). Funcion\u00f3 en Moreno y Alem\u00a0 hoy\u00a0 ocupado por un Instituto de Obra Social de la Provincia, fundado por el doctor Jos\u00e9 Carulla quien fuera el predecesor del ex Colegio Nacional.<\/p>\n<p style=\"text-align: justify;\">Luego de continuos cambios en 1958 se crea el se crea el Departamento de Aplicaci\u00f3n como se llam\u00f3 en sus comienzos la Escuela Primaria.<\/p>\n<p style=\"text-align: justify;\">Su primera regente fue la Sra. Zaida Castagnino de Vuoto y en su organizaci\u00f3n cont\u00f3 con 7 divisiones: 1er. grado a cargo de Aurora Magni; 2do. grado a cargo de Rosa Dekimpe; 3er.\u00a0grado a cargo de Blanca Izaguirre de Miranda; 4to. grado a cargo de Isabel Alonso de Devetteer; 5to. grado a cargo de Mercedes Aldrey; 6to. grado a cargo de Nilda Diri\u00e9.<\/p>\n<p style=\"text-align: justify;\">Se inician as\u00ed las actividades con un total de 240 alumnos y el crecimiento del departamento fue inmediato, dada la\u00a0inscripci\u00f3n tan numerosa, ya en 1960, funcionaban 9 divisiones con la incorporaci\u00f3n de otro 5to. otro 6to; en 1962 funciona otro 4to. y as\u00ed progresivamente hasta completar lo que hoy es la escuela primaria con tres divisiones de cada grado exceptuando 6to. que continua con dos hasta el 2020.<\/p>\n<p style=\"text-align: justify;\">En su constante crecimiento y por Resoluci\u00f3n Ministerial Nro. 484\/90, a partir de 1991 se incorpora el idioma Ingl\u00e9s, inici\u00e1ndose en 4to. grado y luego en los restantes hasta llegar a la actualidad con idioma ingl\u00e9s desde 1er hasta 6to. grado.<\/p>\n<p style=\"text-align: justify;\">En 1992, por Ley de Transferencia del Servicio Educativo de la Naci\u00f3n a las Provincias, nuestra escuela pasa a depender del Consejo General de Educaci\u00f3n de Entre R\u00edos y su nombre es Escuela 789 Normal Superior Martiniano Leguizam\u00f3n.<\/p>\n<p style=\"text-align: justify;\">En 1997 se implementa, en cumplimiento de la Ley Federal de Educaci\u00f3n, el E.G.B y la E.G.B.3 deja el 7mo. grado en manos de la educaci\u00f3n media hasta la actualidad.<\/p>\n<p style=\"text-align: justify;\">En la parte edilicia hubo un notable crecimiento pues en 1997 se agregan 7 aulas en el ala norte con 2 cuerpos de ba\u00f1os que actualmente ocupa la escuela primaria. Yen el a\u00f1o 2003 el derrumbe del sal\u00f3n de gimnasia, obliga a su reconstrucci\u00f3n por lo que en ese a\u00f1o el colegio debe funcionar ocupando distintos establecimientos educativos dada su clausura.<\/p>\n<p style=\"text-align: justify;\">Seg\u00fan testimonios de su primera regente Sra Nilda Diri\u00e9, en las \u00e9pocas de Escuela Nacional, eran requisitos indispensables para ser nombrados docentes en el Departamento de Aplicaci\u00f3n ingresar por concurso de antecedentes y tener un m\u00ednimo de 5 a\u00f1os en la docencia; eran docentes due\u00f1os de su cultura y hacedores de maestros.<\/p>\n<p style=\"text-align: justify;\">\n","protected":false},"excerpt":{"rendered":"<p>El 22 de marzo de 1933 inicia sus actividades en la ciudad de Villaguay el Instituto Villaguay de Ense\u00f1anza Secundaria (IVES). Funcion\u00f3 en Moreno y Alem\u00a0 hoy\u00a0 ocupado por un Instituto de Obra Social de la Provincia, fundado por el doctor Jos\u00e9 Carulla quien fuera el predecesor del ex Colegio Nacional. Luego de continuos cambios &#8230; <a title=\"Nivel Primario\" class=\"read-more\" href=\"https:\/\/ensvillaguay-ers.infd.edu.ar\/sitio\/nivel-primario\/\" aria-label=\"More on Nivel Primario\">[+]<\/a><\/p>\n","protected":false},"author":1046,"featured_media":0,"parent":0,"menu_order":0,"comment_status":"closed","ping_status":"closed","template":"","meta":[],"acf":[],"_links":{"self":[{"href":"https:\/\/ensvillaguay-ers.infd.edu.ar\/sitio\/wp-json\/wp\/v2\/pages\/1062"}],"collection":[{"href":"https:\/\/ensvillaguay-ers.infd.edu.ar\/sitio\/wp-json\/wp\/v2\/pages"}],"about":[{"href":"https:\/\/ensvillaguay-ers.infd.edu.ar\/sitio\/wp-json\/wp\/v2\/types\/page"}],"author":[{"embeddable":true,"href":"https:\/\/ensvillaguay-ers.infd.edu.ar\/sitio\/wp-json\/wp\/v2\/users\/1046"}],"replies":[{"embeddable":true,"href":"https:\/\/ensvillaguay-ers.infd.edu.ar\/sitio\/wp-json\/wp\/v2\/comments?post=1062"}],"version-history":[{"count":8,"href":"https:\/\/ensvillaguay-ers.infd.edu.ar\/sitio\/wp-json\/wp\/v2\/pages\/1062\/revisions"}],"predecessor-version":[{"id":3369,"href":"https:\/\/ensvillaguay-ers.infd.edu.ar\/sitio\/wp-json\/wp\/v2\/pages\/1062\/revisions\/3369"}],"wp:attachment":[{"href":"https:\/\/ensvillaguay-ers.infd.edu.ar\/sitio\/wp-json\/wp\/v2\/media?parent=1062"}],"curies":[{"name":"wp","href":"https:\/\/api.w.org\/{rel}","templated":true}]}}

<p style="text-align: justify;">El 22 de marzo de 1933 inicia sus actividades en la ciudad de Villaguay el Instituto Villaguay de Enseñanza Secundaria (IVES). Funcionó en Moreno y Alem  hoy  ocupado por un Instituto de Obra Social de la Provincia, fundado por el doctor José Carulla quien fuera el predecesor del ex Colegio Nacional.</p>
<p style="text-align: justify;">Luego de continuos cambios en 1958 se crea el se crea el Departamento de Aplicación como se llamó en sus comienzos la Escuela Primaria.</p>
<p style="text-align: justify;">Su primera regente fue la Sra. Zaida Castagnino de Vuoto y en su organización contó con 7 divisiones: 1er. grado a cargo de Aurora Magni; 2do. grado a cargo de Rosa Dekimpe; 3er. grado a cargo de Blanca Izaguirre de Miranda; 4to. grado a cargo de Isabel Alonso de Devetteer; 5to. grado a cargo de Mercedes Aldrey; 6to. grado a cargo de Nilda Dirié.</p>
<p style="text-align: justify;">Se inician así las actividades con un total de 240 alumnos y el crecimiento del departamento fue inmediato, dada la inscripción tan numerosa, ya en 1960, funcionaban 9 divisiones con la incorporación de otro 5to. otro 6to; en 1962 funciona otro 4to. y así progresivamente hasta completar lo que hoy es la escuela primaria con tres divisiones de cada grado exceptuando 6to. que continua con dos hasta el 2020.</p>
<p style="text-align: justify;">En su constante crecimiento y por Resolución Ministerial Nro. 484/90, a partir de 1991 se incorpora el idioma Inglés, iniciándose en 4to. grado y luego en los restantes hasta llegar a la actualidad con idioma inglés desde 1er hasta 6to. grado.</p>
<p style="text-align: justify;">En 1992, por Ley de Transferencia del Servicio Educativo de la Nación a las Provincias, nuestra escuela pasa a depender del Consejo General de Educación de Entre Ríos y su nombre es Escuela 789 Normal Superior Martiniano Leguizamón.</p>
<p style="text-align: justify;">En 1997 se implementa, en cumplimiento de la Ley Federal de Educación, el E.G.B y la E.G.B.3 deja el 7mo. grado en manos de la educación media hasta la actualidad.</p>
<p style="text-align: justify;">En la parte edilicia hubo un notable crecimiento pues en 1997 se agregan 7 aulas en el ala norte con 2 cuerpos de baños que actualmente ocupa la escuela primaria. Yen el año 2003 el derrumbe del salón de gimnasia, obliga a su reconstrucción por lo que en ese año el colegio debe funcionar ocupando distintos establecimientos educativos dada su clausura.</p>
<p style="text-align: justify;">Según testimonios de su primera regente Sra Nilda Dirié, en las épocas de Escuela Nacional, eran requisitos indispensables para ser nombrados docentes en el Departamento de Aplicación ingresar por concurso de antecedentes y tener un mínimo de 5 años en la docencia; eran docentes dueños de su cultura y hacedores de maestros.</p>
<p style="text-align: justify;">

<p>El 22 de marzo de 1933 inicia sus actividades en la ciudad de Villaguay el Instituto Villaguay de Enseñanza Secundaria (IVES). Funcionó en Moreno y Alem  hoy  ocupado por un Instituto de Obra Social de la Provincia, fundado por el doctor José Carulla quien fuera el predecesor del ex Colegio Nacional. Luego de continuos cambios &#8230; <a title="Nivel Primario" class="read-more" href="https://ensvillaguay-ers.infd.edu.ar/sitio/nivel-primario/" aria-label="More on Nivel Primario">[+]</a></p>
