{"id":10629,"date":"2024-04-10T19:21:59","date_gmt":"2024-04-10T22:21:59","guid":{"rendered":"https:\/\/ensvillaguay-ers.infd.edu.ar\/sitio\/?page_id=10629"},"modified":"2024-04-10T19:22:00","modified_gmt":"2024-04-10T22:22:00","slug":"reglamento-organico-marco-rs-n-4789-15-cge","status":"publish","type":"page","link":"https:\/\/ensvillaguay-ers.infd.edu.ar\/sitio\/reglamento-organico-marco-rs-n-4789-15-cge\/","title":{"rendered":"Reglamento Org\u00e1nico Marco (Rs. N\u00b0 \u00a04789\/15 CGE)"},"content":{"rendered":"\n<figure class=\"wp-block-image size-large\"><img decoding=\"async\" loading=\"lazy\" width=\"1900\" height=\"863\" src=\"https:\/\/ensvillaguay-ers.infd.edu.ar\/sitio\/wp-content\/uploads\/2024\/04\/Propuestas-de-Formacion-Docente-Inicial-3-1900x863.png\" alt=\"\" class=\"wp-image-10630\" srcset=\"https:\/\/ensvillaguay-ers.infd.edu.ar\/sitio\/wp-content\/uploads\/2024\/04\/Propuestas-de-Formacion-Docente-Inicial-3-1900x863.png 1900w, https:\/\/ensvillaguay-ers.infd.edu.ar\/sitio\/wp-content\/uploads\/2024\/04\/Propuestas-de-Formacion-Docente-Inicial-3-1000x454.png 1000w, https:\/\/ensvillaguay-ers.infd.edu.ar\/sitio\/wp-content\/uploads\/2024\/04\/Propuestas-de-Formacion-Docente-Inicial-3-768x349.png 768w, https:\/\/ensvillaguay-ers.infd.edu.ar\/sitio\/wp-content\/uploads\/2024\/04\/Propuestas-de-Formacion-Docente-Inicial-3-1536x698.png 1536w, https:\/\/ensvillaguay-ers.infd.edu.ar\/sitio\/wp-content\/uploads\/2024\/04\/Propuestas-de-Formacion-Docente-Inicial-3.png 1917w\" sizes=\"(max-width: 1900px) 100vw, 1900px\" \/><\/figure>\n\n\n\n<p>Las pol\u00edticas educativas nacionales y provinciales impulsan hoy el fortalecimiento de la institucionalidad del Nivel Superior. Dicha institucionalidad implica desaf\u00edos que comprometen, tanto la formaci\u00f3n de sus actores y la ampliaci\u00f3n de sus funciones como la organizaci\u00f3n institucional, desde las particularidades que caracterizan a los subsistemas de la Formaci\u00f3n Docente y de la Educaci\u00f3n T\u00e9cnico Profesional, respetando los principios de participaci\u00f3n democr\u00e1tica, justicia e inclusi\u00f3n.<br>El fortalecimiento de una institucionalidad requiere de una revisi\u00f3n y actualizaci\u00f3n de las normativas acorde a los contextos que se transforman con los aportes del colectivo institucional, con la discusi\u00f3n abierta de un proyecto que estructure y dinamice las instituciones que componen el entramado de la Educaci\u00f3n Superior, entendi\u00e9ndola como componente esencial en el desarrollo cultural y socioecon\u00f3mico de las comunidades, de la provincia y del pa\u00eds. Desde esta perspectiva, se comparten acciones que promueven una mayor identificaci\u00f3n y articulaci\u00f3n entre los distintos niveles, instituciones y actores que intervienen en la formaci\u00f3n de docentes y t\u00e9cnicos profesionales.<br>En este sentido, las plantas funcionales de las instituciones de Educaci\u00f3n de Nivel Superior han ido incorporando nuevas figuras y posiciones docentes, lo cual requiere articulaciones y redefiniciones del entramado de responsabilidades en la din\u00e1mica institucional y sus vinculaciones. Este documento atiende a ello y ampl\u00eda el Reglamento Org\u00e1nico Marco vigente, cuyo \u00e1mbito de aplicaci\u00f3n lo constituyen los Institutos de Educaci\u00f3n Superior, Escuelas Normales Superiores y Nivel Superior de las Escuelas Secundarias.<\/p>\n\n\n\n<figure class=\"wp-block-table is-style-stripes\"><table><tbody><tr><td class=\"has-text-align-center\" data-align=\"center\"><strong>Reglamento Org\u00e1nico Marco<\/strong><br><strong>de la Educaci\u00f3n Superior<\/strong><br><strong> Resoluci\u00f3n n\u00b0 \u00a04789\/15 CGE<\/strong><\/td><td class=\"has-text-align-center\" data-align=\"center\"><strong><a href=\"https:\/\/ensvillaguay-ers.infd.edu.ar\/sitio\/normativas-nivel-superior\/upload\/4789-15_CGE_Ampliacion_y_modificacion_del_Reglamento_Organico_Marco.pdf\" data-type=\"URL\" data-id=\"https:\/\/ensvillaguay-ers.infd.edu.ar\/sitio\/normativas-nivel-superior\/upload\/4789-15_CGE_Ampliacion_y_modificacion_del_Reglamento_Organico_Marco.pdf\" target=\"_blank\" rel=\"noreferrer noopener\">Descargar<\/a><\/strong><br><img decoding=\"async\" loading=\"lazy\" width=\"32\" height=\"32\" class=\"wp-image-10631\" style=\"width: 32px;\" src=\"https:\/\/ensvillaguay-ers.infd.edu.ar\/sitio\/wp-content\/uploads\/2024\/04\/tocar.png\" alt=\"\"><\/td><\/tr><\/tbody><\/table><\/figure>\n","protected":false},"excerpt":{"rendered":"<p>Las pol\u00edticas educativas nacionales y provinciales impulsan hoy el fortalecimiento de la institucionalidad del Nivel Superior. Dicha institucionalidad implica desaf\u00edos que comprometen, tanto la formaci\u00f3n de sus actores y la ampliaci\u00f3n de sus funciones como la organizaci\u00f3n institucional, desde las particularidades que caracterizan a los subsistemas de la Formaci\u00f3n Docente y de la Educaci\u00f3n T\u00e9cnico &#8230; <a title=\"Reglamento Org\u00e1nico Marco (Rs. N\u00b0 \u00a04789\/15 CGE)\" class=\"read-more\" href=\"https:\/\/ensvillaguay-ers.infd.edu.ar\/sitio\/reglamento-organico-marco-rs-n-4789-15-cge\/\" aria-label=\"More on Reglamento Org\u00e1nico Marco (Rs. N\u00b0 \u00a04789\/15 CGE)\">[+]<\/a><\/p>\n","protected":false},"author":1427,"featured_media":0,"parent":0,"menu_order":0,"comment_status":"closed","ping_status":"closed","template":"","meta":[],"acf":[],"_links":{"self":[{"href":"https:\/\/ensvillaguay-ers.infd.edu.ar\/sitio\/wp-json\/wp\/v2\/pages\/10629"}],"collection":[{"href":"https:\/\/ensvillaguay-ers.infd.edu.ar\/sitio\/wp-json\/wp\/v2\/pages"}],"about":[{"href":"https:\/\/ensvillaguay-ers.infd.edu.ar\/sitio\/wp-json\/wp\/v2\/types\/page"}],"author":[{"embeddable":true,"href":"https:\/\/ensvillaguay-ers.infd.edu.ar\/sitio\/wp-json\/wp\/v2\/users\/1427"}],"replies":[{"embeddable":true,"href":"https:\/\/ensvillaguay-ers.infd.edu.ar\/sitio\/wp-json\/wp\/v2\/comments?post=10629"}],"version-history":[{"count":1,"href":"https:\/\/ensvillaguay-ers.infd.edu.ar\/sitio\/wp-json\/wp\/v2\/pages\/10629\/revisions"}],"predecessor-version":[{"id":10633,"href":"https:\/\/ensvillaguay-ers.infd.edu.ar\/sitio\/wp-json\/wp\/v2\/pages\/10629\/revisions\/10633"}],"wp:attachment":[{"href":"https:\/\/ensvillaguay-ers.infd.edu.ar\/sitio\/wp-json\/wp\/v2\/media?parent=10629"}],"curies":[{"name":"wp","href":"https:\/\/api.w.org\/{rel}","templated":true}]}}