{"id":10635,"date":"2024-04-10T19:48:35","date_gmt":"2024-04-10T22:48:35","guid":{"rendered":"https:\/\/ensvillaguay-ers.infd.edu.ar\/sitio\/?page_id=10635"},"modified":"2024-04-10T19:48:37","modified_gmt":"2024-04-10T22:48:37","slug":"consejo-directivo-institucional-rs-n-0895-24-cge","status":"publish","type":"page","link":"https:\/\/ensvillaguay-ers.infd.edu.ar\/sitio\/consejo-directivo-institucional-rs-n-0895-24-cge\/","title":{"rendered":"Consejo Directivo Institucional (Rs. n\u00b0 0895\/24 CGE)"},"content":{"rendered":"\n<figure class=\"wp-block-image size-large\"><img decoding=\"async\" loading=\"lazy\" width=\"1900\" height=\"923\" src=\"https:\/\/ensvillaguay-ers.infd.edu.ar\/sitio\/wp-content\/uploads\/2024\/04\/Propuestas-de-Formacion-Docente-Inicial-4-1900x923.png\" alt=\"\" class=\"wp-image-10637\" srcset=\"https:\/\/ensvillaguay-ers.infd.edu.ar\/sitio\/wp-content\/uploads\/2024\/04\/Propuestas-de-Formacion-Docente-Inicial-4-1900x923.png 1900w, https:\/\/ensvillaguay-ers.infd.edu.ar\/sitio\/wp-content\/uploads\/2024\/04\/Propuestas-de-Formacion-Docente-Inicial-4-1000x486.png 1000w, https:\/\/ensvillaguay-ers.infd.edu.ar\/sitio\/wp-content\/uploads\/2024\/04\/Propuestas-de-Formacion-Docente-Inicial-4-768x373.png 768w, https:\/\/ensvillaguay-ers.infd.edu.ar\/sitio\/wp-content\/uploads\/2024\/04\/Propuestas-de-Formacion-Docente-Inicial-4-1536x746.png 1536w, https:\/\/ensvillaguay-ers.infd.edu.ar\/sitio\/wp-content\/uploads\/2024\/04\/Propuestas-de-Formacion-Docente-Inicial-4.png 1913w\" sizes=\"(max-width: 1900px) 100vw, 1900px\" \/><\/figure>\n\n\n<p>Seg\u00fan se establece en la Resoluci\u00f3n n\u00b0 0895\/24 CGE, son \u00f3rganos de Gobierno Institucional de cada uno de los Instituto:<\/p>\n<ul>\n<li><strong>Rector de Instituto Superior<\/strong><\/li>\n<li><strong>Consejo Directivo Institucional<\/strong><\/li>\n<\/ul>\n<p>El Consejo Directivo Institucional se constituir\u00e1 en uno de los \u00f3rganos de gobierno de los Institutos dependientes de la Direcci\u00f3n de Educaci\u00f3n Superior.<\/p>\n<p>Estar\u00e1 conformado de la siguiente manera:<\/p>\n<ul>\n<li><strong>Rector\/a<\/strong><\/li>\n<li><strong>Estamento Docentes<\/strong>: Uno (1) por Carrera activa y vigente de la instituci\u00f3n con excepci\u00f3n de aquellas donde exista una sola carrera, en cuyo caso el estamento contara con dos (02) representantes.<\/li>\n<li><strong>Estamento Estudiantes<\/strong>: Hasta dos carreras: 1 (uno) estudiante; Tres y cuatro carreras: 2 (dos) estudiantes; M\u00e1s de cuatro carreras: 3 (tres) estudiantes.<\/li>\n<li><strong>Estamento Graduados<\/strong>: 1 (un) representante por el estamento.<\/li>\n<\/ul>\n\n\n<figure class=\"wp-block-table is-style-stripes\"><table><tbody><tr><td class=\"has-text-align-center\" data-align=\"center\"><strong>Consejo Directivo Institucional<br>Resoluci\u00f3n n\u00b0 0895\/24 CGE<\/strong><\/td><td class=\"has-text-align-center\" data-align=\"center\"><strong><a href=\"https:\/\/drive.google.com\/file\/d\/1LVslnQgjwxp-dhKRmKSwTYAQxKH8JPWP\/view?usp=sharing\" data-type=\"URL\" data-id=\"https:\/\/drive.google.com\/file\/d\/1LVslnQgjwxp-dhKRmKSwTYAQxKH8JPWP\/view?usp=sharing\" target=\"_blank\" rel=\"noreferrer noopener\">Descargar<\/a><\/strong><br><img decoding=\"async\" loading=\"lazy\" width=\"32\" height=\"32\" class=\"wp-image-10631\" style=\"width: 32px;\" src=\"https:\/\/ensvillaguay-ers.infd.edu.ar\/sitio\/wp-content\/uploads\/2024\/04\/tocar.png\" alt=\"\"><\/td><\/tr><\/tbody><\/table><\/figure>\n","protected":false},"excerpt":{"rendered":"<p>Seg\u00fan se establece en la Resoluci\u00f3n n\u00b0 0895\/24 CGE, son \u00f3rganos de Gobierno Institucional de cada uno de los Instituto: Rector de Instituto Superior Consejo Directivo Institucional El Consejo Directivo Institucional se constituir\u00e1 en uno de los \u00f3rganos de gobierno de los Institutos dependientes de la Direcci\u00f3n de Educaci\u00f3n Superior. Estar\u00e1 conformado de la siguiente &#8230; <a title=\"Consejo Directivo Institucional (Rs. n\u00b0 0895\/24 CGE)\" class=\"read-more\" href=\"https:\/\/ensvillaguay-ers.infd.edu.ar\/sitio\/consejo-directivo-institucional-rs-n-0895-24-cge\/\" aria-label=\"More on Consejo Directivo Institucional (Rs. n\u00b0 0895\/24 CGE)\">[+]<\/a><\/p>\n","protected":false},"author":1427,"featured_media":0,"parent":0,"menu_order":0,"comment_status":"closed","ping_status":"closed","template":"","meta":[],"acf":[],"_links":{"self":[{"href":"https:\/\/ensvillaguay-ers.infd.edu.ar\/sitio\/wp-json\/wp\/v2\/pages\/10635"}],"collection":[{"href":"https:\/\/ensvillaguay-ers.infd.edu.ar\/sitio\/wp-json\/wp\/v2\/pages"}],"about":[{"href":"https:\/\/ensvillaguay-ers.infd.edu.ar\/sitio\/wp-json\/wp\/v2\/types\/page"}],"author":[{"embeddable":true,"href":"https:\/\/ensvillaguay-ers.infd.edu.ar\/sitio\/wp-json\/wp\/v2\/users\/1427"}],"replies":[{"embeddable":true,"href":"https:\/\/ensvillaguay-ers.infd.edu.ar\/sitio\/wp-json\/wp\/v2\/comments?post=10635"}],"version-history":[{"count":1,"href":"https:\/\/ensvillaguay-ers.infd.edu.ar\/sitio\/wp-json\/wp\/v2\/pages\/10635\/revisions"}],"predecessor-version":[{"id":10639,"href":"https:\/\/ensvillaguay-ers.infd.edu.ar\/sitio\/wp-json\/wp\/v2\/pages\/10635\/revisions\/10639"}],"wp:attachment":[{"href":"https:\/\/ensvillaguay-ers.infd.edu.ar\/sitio\/wp-json\/wp\/v2\/media?parent=10635"}],"curies":[{"name":"wp","href":"https:\/\/api.w.org\/{rel}","templated":true}]}}