{"id":2194,"date":"2019-03-07T11:21:01","date_gmt":"2019-03-07T14:21:01","guid":{"rendered":"https:\/\/ensvillaguay-ers.infd.edu.ar\/sitio\/?page_id=2194"},"modified":"2019-03-07T11:22:58","modified_gmt":"2019-03-07T14:22:58","slug":"mesas-de-examen-reprogramadas-por-los-dias-de-paro","status":"publish","type":"page","link":"https:\/\/ensvillaguay-ers.infd.edu.ar\/sitio\/informacion-para-estudiantes-del-instituto\/mesas-de-examen-reprogramadas-por-los-dias-de-paro\/","title":{"rendered":"Mesas de examen reprogramadas por los d\u00edas de paro"},"content":{"rendered":"<p>La Secretar\u00eda Acad\u00e9mica de la E.N.S <em>\u201cMartiniano Leguizam\u00f3n\u201d<\/em> les informa el cronograma de mesas evaluadoras reprogramadas dados los d\u00edas de paro del 6, 7 y 8 de marzo.<\/p>\n<p><a href=\"https:\/\/ensvillaguay-ers.infd.edu.ar\/sitio\/wp-content\/uploads\/2019\/03\/MESAS-MODIFICADAS-POR-PAROS.pdf\">Cronograma Mesas Reprogramadas<\/a><\/p>\n<p><em>Saludos<\/em><\/p>\n<p><em>Prof. Valeria Schierloh\u00a0<\/em><\/p>\n<p><em>Secretaria Acad\u00e9mica<\/em><\/p>\n","protected":false},"excerpt":{"rendered":"<p>La Secretar\u00eda Acad\u00e9mica de la E.N.S \u201cMartiniano Leguizam\u00f3n\u201d les informa el cronograma de mesas evaluadoras reprogramadas dados los d\u00edas de paro del 6, 7 y 8 de marzo. Cronograma Mesas Reprogramadas Saludos Prof. Valeria Schierloh\u00a0 Secretaria Acad\u00e9mica<\/p>\n","protected":false},"author":1427,"featured_media":0,"parent":1005,"menu_order":1,"comment_status":"closed","ping_status":"closed","template":"","meta":[],"acf":[],"_links":{"self":[{"href":"https:\/\/ensvillaguay-ers.infd.edu.ar\/sitio\/wp-json\/wp\/v2\/pages\/2194"}],"collection":[{"href":"https:\/\/ensvillaguay-ers.infd.edu.ar\/sitio\/wp-json\/wp\/v2\/pages"}],"about":[{"href":"https:\/\/ensvillaguay-ers.infd.edu.ar\/sitio\/wp-json\/wp\/v2\/types\/page"}],"author":[{"embeddable":true,"href":"https:\/\/ensvillaguay-ers.infd.edu.ar\/sitio\/wp-json\/wp\/v2\/users\/1427"}],"replies":[{"embeddable":true,"href":"https:\/\/ensvillaguay-ers.infd.edu.ar\/sitio\/wp-json\/wp\/v2\/comments?post=2194"}],"version-history":[{"count":3,"href":"https:\/\/ensvillaguay-ers.infd.edu.ar\/sitio\/wp-json\/wp\/v2\/pages\/2194\/revisions"}],"predecessor-version":[{"id":2197,"href":"https:\/\/ensvillaguay-ers.infd.edu.ar\/sitio\/wp-json\/wp\/v2\/pages\/2194\/revisions\/2197"}],"up":[{"embeddable":true,"href":"https:\/\/ensvillaguay-ers.infd.edu.ar\/sitio\/wp-json\/wp\/v2\/pages\/1005"}],"wp:attachment":[{"href":"https:\/\/ensvillaguay-ers.infd.edu.ar\/sitio\/wp-json\/wp\/v2\/media?parent=2194"}],"curies":[{"name":"wp","href":"https:\/\/api.w.org\/{rel}","templated":true}]}}