{"id":8075,"date":"2023-03-28T22:26:58","date_gmt":"2023-03-29T01:26:58","guid":{"rendered":"https:\/\/ensvillaguay-ers.infd.edu.ar\/sitio\/?page_id=8075"},"modified":"2026-02-12T11:24:12","modified_gmt":"2026-02-12T14:24:12","slug":"guias-resumen-estilo-apa","status":"publish","type":"page","link":"https:\/\/ensvillaguay-ers.infd.edu.ar\/sitio\/guias-resumen-estilo-apa\/","title":{"rendered":"Gu\u00edas Resumen Estilo APA y Fuentes de Informaci\u00f3n"},"content":{"rendered":"\n<figure class=\"wp-block-image size-large\"><img decoding=\"async\" loading=\"lazy\" width=\"1900\" height=\"832\" src=\"https:\/\/ensvillaguay-ers.infd.edu.ar\/sitio\/wp-content\/uploads\/2023\/08\/Propuestas-de-Formacion-Docente-Inicial-4-1900x832.jpg\" alt=\"\" class=\"wp-image-8559\" srcset=\"https:\/\/ensvillaguay-ers.infd.edu.ar\/sitio\/wp-content\/uploads\/2023\/08\/Propuestas-de-Formacion-Docente-Inicial-4-1900x832.jpg 1900w, https:\/\/ensvillaguay-ers.infd.edu.ar\/sitio\/wp-content\/uploads\/2023\/08\/Propuestas-de-Formacion-Docente-Inicial-4-1000x438.jpg 1000w, https:\/\/ensvillaguay-ers.infd.edu.ar\/sitio\/wp-content\/uploads\/2023\/08\/Propuestas-de-Formacion-Docente-Inicial-4-768x336.jpg 768w, https:\/\/ensvillaguay-ers.infd.edu.ar\/sitio\/wp-content\/uploads\/2023\/08\/Propuestas-de-Formacion-Docente-Inicial-4-1536x672.jpg 1536w, https:\/\/ensvillaguay-ers.infd.edu.ar\/sitio\/wp-content\/uploads\/2023\/08\/Propuestas-de-Formacion-Docente-Inicial-4.jpg 1917w\" sizes=\"(max-width: 1900px) 100vw, 1900px\" \/><\/figure>\n\n\n\n<figure class=\"wp-block-table is-style-stripes\"><table><tbody><tr><td class=\"has-text-align-center\" data-align=\"center\"><img decoding=\"async\" loading=\"lazy\" width=\"905\" height=\"1280\" class=\"wp-image-8555\" style=\"width: 150px;\" src=\"https:\/\/ensvillaguay-ers.infd.edu.ar\/sitio\/wp-content\/uploads\/2023\/08\/Tapa-3.jpeg\" alt=\"\" srcset=\"https:\/\/ensvillaguay-ers.infd.edu.ar\/sitio\/wp-content\/uploads\/2023\/08\/Tapa-3.jpeg 905w, https:\/\/ensvillaguay-ers.infd.edu.ar\/sitio\/wp-content\/uploads\/2023\/08\/Tapa-3-707x1000.jpeg 707w, https:\/\/ensvillaguay-ers.infd.edu.ar\/sitio\/wp-content\/uploads\/2023\/08\/Tapa-3-768x1086.jpeg 768w\" sizes=\"(max-width: 905px) 100vw, 905px\" \/><\/td><td class=\"has-text-align-center\" data-align=\"center\"><strong><br>Citaciones en el Texto<\/strong><br><strong>Gu\u00eda Resumen Estilo APA<br><a rel=\"noreferrer noopener\" href=\"https:\/\/drive.google.com\/file\/d\/1rep0aBP9OxH3YO0mdRDnmX0Wmiw1qM9_\/view?usp=share_link\" target=\"_blank\">Descargar<\/a><\/strong><\/td><\/tr><tr><td class=\"has-text-align-center\" data-align=\"center\"><img decoding=\"async\" loading=\"lazy\" width=\"905\" height=\"1280\" class=\"wp-image-8556\" style=\"width: 150px;\" src=\"https:\/\/ensvillaguay-ers.infd.edu.ar\/sitio\/wp-content\/uploads\/2023\/08\/Tapa-1-1.jpeg\" alt=\"\" srcset=\"https:\/\/ensvillaguay-ers.infd.edu.ar\/sitio\/wp-content\/uploads\/2023\/08\/Tapa-1-1.jpeg 905w, https:\/\/ensvillaguay-ers.infd.edu.ar\/sitio\/wp-content\/uploads\/2023\/08\/Tapa-1-1-707x1000.jpeg 707w, https:\/\/ensvillaguay-ers.infd.edu.ar\/sitio\/wp-content\/uploads\/2023\/08\/Tapa-1-1-768x1086.jpeg 768w\" sizes=\"(max-width: 905px) 100vw, 905px\" \/><\/td><td class=\"has-text-align-center\" data-align=\"center\"><strong><br>Referencias Bibliogr\u00e1ficas<\/strong><br><strong>Gu\u00eda Resumen Estilo APA<br><a rel=\"noreferrer noopener\" href=\"https:\/\/drive.google.com\/file\/d\/1VGJoP-yMtIj9LqyA3FSyaX1iUak6pdKG\/view?usp=share_link\" target=\"_blank\">Descargar<\/a><\/strong><\/td><\/tr><tr><td class=\"has-text-align-center\" data-align=\"center\"><img decoding=\"async\" loading=\"lazy\" width=\"1131\" height=\"1600\" class=\"wp-image-10469\" style=\"width: 150px;\" src=\"https:\/\/ensvillaguay-ers.infd.edu.ar\/sitio\/wp-content\/uploads\/2024\/02\/FGT.jpeg\" alt=\"\" srcset=\"https:\/\/ensvillaguay-ers.infd.edu.ar\/sitio\/wp-content\/uploads\/2024\/02\/FGT.jpeg 1131w, https:\/\/ensvillaguay-ers.infd.edu.ar\/sitio\/wp-content\/uploads\/2024\/02\/FGT-707x1000.jpeg 707w, https:\/\/ensvillaguay-ers.infd.edu.ar\/sitio\/wp-content\/uploads\/2024\/02\/FGT-768x1086.jpeg 768w, https:\/\/ensvillaguay-ers.infd.edu.ar\/sitio\/wp-content\/uploads\/2024\/02\/FGT-1086x1536.jpeg 1086w\" sizes=\"(max-width: 1131px) 100vw, 1131px\" \/><\/td><td class=\"has-text-align-center\" data-align=\"center\"><strong>Formato General de Trabajo<br>Gu\u00eda Resumen Estilo APA<br><a href=\"https:\/\/drive.google.com\/file\/d\/1P4ni82VDV8991W942Mr14DxHVPB6WxAw\/view?usp=sharing\" data-type=\"URL\" data-id=\"https:\/\/drive.google.com\/file\/d\/1P4ni82VDV8991W942Mr14DxHVPB6WxAw\/view?usp=sharing\" target=\"_blank\" rel=\"noreferrer noopener\">Descargar<\/a><\/strong><\/td><\/tr><tr><td class=\"has-text-align-center\" data-align=\"center\">         <img decoding=\"async\" loading=\"lazy\" width=\"1414\" height=\"2000\" class=\"wp-image-12115\" style=\"width: 150px;\" src=\"https:\/\/ensvillaguay-ers.infd.edu.ar\/sitio\/wp-content\/uploads\/2026\/01\/NORMAS-APA.png\" alt=\"\" srcset=\"https:\/\/ensvillaguay-ers.infd.edu.ar\/sitio\/wp-content\/uploads\/2026\/01\/NORMAS-APA.png 1414w, https:\/\/ensvillaguay-ers.infd.edu.ar\/sitio\/wp-content\/uploads\/2026\/01\/NORMAS-APA-707x1000.png 707w, https:\/\/ensvillaguay-ers.infd.edu.ar\/sitio\/wp-content\/uploads\/2026\/01\/NORMAS-APA-1343x1900.png 1343w, https:\/\/ensvillaguay-ers.infd.edu.ar\/sitio\/wp-content\/uploads\/2026\/01\/NORMAS-APA-768x1086.png 768w, https:\/\/ensvillaguay-ers.infd.edu.ar\/sitio\/wp-content\/uploads\/2026\/01\/NORMAS-APA-1086x1536.png 1086w\" sizes=\"(max-width: 1414px) 100vw, 1414px\" \/>          <\/td><td class=\"has-text-align-center\" data-align=\"center\"><strong>Fuentes de Informaci\u00f3n<br>Dispositivo Pedag\u00f3gico de Memoria y Patrimonio Escolar<br>\u00abFrancisco Podest\u00e1\u00bb<br><a href=\"https:\/\/drive.google.com\/file\/d\/18p3SCJeBM9uld3laI1PS3XuVYY8U5lXU\/view?usp=sharing\" data-type=\"URL\" data-id=\"https:\/\/drive.google.com\/file\/d\/18p3SCJeBM9uld3laI1PS3XuVYY8U5lXU\/view?usp=sharing\" target=\"_blank\" rel=\"noreferrer noopener\">Descargar<\/a><\/strong><\/td><\/tr><\/tbody><\/table><\/figure>\n","protected":false},"excerpt":{"rendered":"<p>Citaciones en el TextoGu\u00eda Resumen Estilo APADescargar Referencias Bibliogr\u00e1ficasGu\u00eda Resumen Estilo APADescargar Formato General de TrabajoGu\u00eda Resumen Estilo APADescargar Fuentes de Informaci\u00f3nDispositivo Pedag\u00f3gico de Memoria y Patrimonio Escolar\u00abFrancisco Podest\u00e1\u00bbDescargar<\/p>\n","protected":false},"author":1046,"featured_media":0,"parent":0,"menu_order":0,"comment_status":"closed","ping_status":"closed","template":"","meta":[],"acf":[],"_links":{"self":[{"href":"https:\/\/ensvillaguay-ers.infd.edu.ar\/sitio\/wp-json\/wp\/v2\/pages\/8075"}],"collection":[{"href":"https:\/\/ensvillaguay-ers.infd.edu.ar\/sitio\/wp-json\/wp\/v2\/pages"}],"about":[{"href":"https:\/\/ensvillaguay-ers.infd.edu.ar\/sitio\/wp-json\/wp\/v2\/types\/page"}],"author":[{"embeddable":true,"href":"https:\/\/ensvillaguay-ers.infd.edu.ar\/sitio\/wp-json\/wp\/v2\/users\/1046"}],"replies":[{"embeddable":true,"href":"https:\/\/ensvillaguay-ers.infd.edu.ar\/sitio\/wp-json\/wp\/v2\/comments?post=8075"}],"version-history":[{"count":10,"href":"https:\/\/ensvillaguay-ers.infd.edu.ar\/sitio\/wp-json\/wp\/v2\/pages\/8075\/revisions"}],"predecessor-version":[{"id":12167,"href":"https:\/\/ensvillaguay-ers.infd.edu.ar\/sitio\/wp-json\/wp\/v2\/pages\/8075\/revisions\/12167"}],"wp:attachment":[{"href":"https:\/\/ensvillaguay-ers.infd.edu.ar\/sitio\/wp-json\/wp\/v2\/media?parent=8075"}],"curies":[{"name":"wp","href":"https:\/\/api.w.org\/{rel}","templated":true}]}}