{"id":8180,"date":"2023-05-05T18:40:44","date_gmt":"2023-05-05T21:40:44","guid":{"rendered":"https:\/\/ensvillaguay-ers.infd.edu.ar\/sitio\/?page_id=8180"},"modified":"2023-11-01T09:21:40","modified_gmt":"2023-11-01T12:21:40","slug":"coordinacion-del-campo-de-la-formacion-en-la-practica-profesional","status":"publish","type":"page","link":"https:\/\/ensvillaguay-ers.infd.edu.ar\/sitio\/coordinacion-del-campo-de-la-formacion-en-la-practica-profesional\/","title":{"rendered":"Formulario de Reinscripcion de 2\u00ba a 6\u00ba a\u00f1o"},"content":{"rendered":"\n<p class=\"has-very-light-gray-to-cyan-bluish-gray-gradient-background has-background\">La misma se encuentra disponible 01 al 30 de noviembre. Aqu\u00ed podr\u00e1n descargarla, completarla y llevarla a la instituci\u00f3n de 7:00 hs a 18:00 hs.<\/p>\n\n\n\n<div class=\"wp-block-buttons alignfull is-content-justification-center is-layout-flex wp-container-1\">\n<div class=\"wp-block-button is-style-fill\"><a class=\"wp-block-button__link wp-element-button\" href=\"https:\/\/drive.google.com\/file\/d\/1jaWtagG28n9gdpscI9d6WceWWghWYi20\/view?usp=drive_link\">Descargar formulario de Reinscripci\u00f3n <\/a><\/div>\n\n\n<\/div>\n\n\n\n<p><\/p>\n\n\n\n<div class=\"wp-block-buttons is-layout-flex\"><\/div>\n\n\n\n<p><\/p>\n\n\n\n<p><\/p>\n\n\n\n<h2 class=\"wp-block-heading\"><\/h2>\n\n\n\n<figure class=\"wp-block-image\"><img alt=\"\"\/><\/figure>\n","protected":false},"excerpt":{"rendered":"<p>La misma se encuentra disponible 01 al 30 de noviembre. Aqu\u00ed podr\u00e1n descargarla, completarla y llevarla a la instituci\u00f3n de 7:00 hs a 18:00 hs.<\/p>\n","protected":false},"author":2601,"featured_media":9133,"parent":0,"menu_order":0,"comment_status":"closed","ping_status":"closed","template":"","meta":[],"acf":[],"_links":{"self":[{"href":"https:\/\/ensvillaguay-ers.infd.edu.ar\/sitio\/wp-json\/wp\/v2\/pages\/8180"}],"collection":[{"href":"https:\/\/ensvillaguay-ers.infd.edu.ar\/sitio\/wp-json\/wp\/v2\/pages"}],"about":[{"href":"https:\/\/ensvillaguay-ers.infd.edu.ar\/sitio\/wp-json\/wp\/v2\/types\/page"}],"author":[{"embeddable":true,"href":"https:\/\/ensvillaguay-ers.infd.edu.ar\/sitio\/wp-json\/wp\/v2\/users\/2601"}],"replies":[{"embeddable":true,"href":"https:\/\/ensvillaguay-ers.infd.edu.ar\/sitio\/wp-json\/wp\/v2\/comments?post=8180"}],"version-history":[{"count":20,"href":"https:\/\/ensvillaguay-ers.infd.edu.ar\/sitio\/wp-json\/wp\/v2\/pages\/8180\/revisions"}],"predecessor-version":[{"id":9136,"href":"https:\/\/ensvillaguay-ers.infd.edu.ar\/sitio\/wp-json\/wp\/v2\/pages\/8180\/revisions\/9136"}],"wp:featuredmedia":[{"embeddable":true,"href":"https:\/\/ensvillaguay-ers.infd.edu.ar\/sitio\/wp-json\/wp\/v2\/media\/9133"}],"wp:attachment":[{"href":"https:\/\/ensvillaguay-ers.infd.edu.ar\/sitio\/wp-json\/wp\/v2\/media?parent=8180"}],"curies":[{"name":"wp","href":"https:\/\/api.w.org\/{rel}","templated":true}]}}